CRAN Package Check Results for Package pollstR

Last updated on 2019-02-21 07:48:47 CET.

Flavor Version Tinstall Tcheck Ttotal Status Flags
r-devel-linux-x86_64-debian-clang 2.0.1 2.22 34.01 36.23 OK
r-devel-linux-x86_64-debian-gcc 2.0.1 2.03 27.32 29.35 OK
r-devel-linux-x86_64-fedora-clang 2.0.1 45.73 OK
r-devel-linux-x86_64-fedora-gcc 2.0.1 43.05 OK
r-devel-windows-ix86+x86_64 2.0.1 7.00 73.00 80.00 OK
r-patched-linux-x86_64 2.0.1 OK
r-patched-solaris-x86 2.0.1 65.90 OK
r-release-linux-x86_64 2.0.1 OK
r-release-windows-ix86+x86_64 2.0.1 3.00 71.00 74.00 OK
r-release-osx-x86_64 2.0.1 OK
r-oldrel-windows-ix86+x86_64 2.0.1 4.00 45.00 49.00 WARN
r-oldrel-osx-x86_64 2.0.1 OK

Check Details

Version: 2.0.1
Check: re-building of vignette outputs
Result: WARN
    Error in re-building vignettes:
     ...
    
    Attaching package: 'dplyr'
    
    The following objects are masked from 'package:stats':
    
     filter, lag
    
    The following objects are masked from 'package:base':
    
     intersect, setdiff, setequal, union
    
    Parsed with column specification:
    cols(
     Favorable = col_double(),
     Unfavorable = col_double(),
     Undecided = col_double(),
     poll_slug = col_character(),
     survey_house = col_character(),
     start_date = col_date(format = ""),
     end_date = col_date(format = ""),
     question_text = col_character(),
     sample_subpopulation = col_character(),
     observations = col_double(),
     margin_of_error = col_double(),
     mode = col_character(),
     partisanship = col_character(),
     partisan_affiliation = col_character()
    )
    Quitting from lines 30-33 (examples.Rmd)
    Error: processing vignette 'examples.Rmd' failed with diagnostics:
    GET https://elections.huffingtonpost.com/pollster/api/v2/charts/donald-trump-favorable-rating/pollster-trendlines.tsv failed wtith status code 504
    Execution halted
Flavor: r-oldrel-windows-ix86+x86_64