CRAN Package Check Results for Package polyPK

Last updated on 2018-08-19 20:50:21 CEST.

Flavor Version Tinstall Tcheck Ttotal Status Flags
r-devel-linux-x86_64-debian-clang 3.1.0 22.83 303.36 326.19 OK
r-devel-linux-x86_64-debian-gcc 3.1.0 20.28 243.89 264.17 OK
r-devel-linux-x86_64-fedora-clang 3.1.0 363.25 OK
r-devel-linux-x86_64-fedora-gcc 3.1.0 358.51 OK
r-devel-windows-ix86+x86_64 3.1.0 49.00 311.00 360.00 OK
r-patched-linux-x86_64 3.1.0 19.96 278.72 298.68 OK
r-patched-solaris-x86 3.1.0 410.00 OK
r-release-linux-x86_64 3.1.0 21.49 278.61 300.10 OK
r-release-windows-ix86+x86_64 3.1.0 55.00 211.00 266.00 OK
r-release-osx-x86_64 3.1.0 WARN
r-oldrel-windows-ix86+x86_64 3.1.0 23.00 335.00 358.00 OK
r-oldrel-osx-x86_64 3.1.0 WARN

Check Details

Version: 3.1.0
Check: whether package can be installed
Result: WARN
    Found the following significant warnings:
     Warning: 'rgl_init' failed, running with rgl.useNULL = TRUE
Flavors: r-release-osx-x86_64, r-oldrel-osx-x86_64