CRAN Package Check Results for Package polyPK

Last updated on 2018-11-21 13:48:37 CET.

Flavor Version Tinstall Tcheck Ttotal Status Flags
r-devel-linux-x86_64-debian-clang 3.1.0 21.32 275.03 296.35 OK
r-devel-linux-x86_64-debian-gcc 3.1.0 18.00 214.69 232.69 OK
r-devel-linux-x86_64-fedora-clang 3.1.0 350.64 OK
r-devel-linux-x86_64-fedora-gcc 3.1.0 339.55 OK
r-devel-windows-ix86+x86_64 3.1.0 51.00 294.00 345.00 OK
r-patched-linux-x86_64 3.1.0 15.90 270.83 286.73 OK
r-patched-solaris-x86 3.1.0 418.90 OK
r-release-linux-x86_64 3.1.0 21.02 270.69 291.71 OK
r-release-windows-ix86+x86_64 3.1.0 33.00 304.00 337.00 OK
r-release-osx-x86_64 3.1.0 WARN
r-oldrel-windows-ix86+x86_64 3.1.0 28.00 334.00 362.00 OK
r-oldrel-osx-x86_64 3.1.0 WARN

Check Details

Version: 3.1.0
Check: whether package can be installed
Result: WARN
    Found the following significant warnings:
     Warning: 'rgl_init' failed, running with rgl.useNULL = TRUE
Flavors: r-release-osx-x86_64, r-oldrel-osx-x86_64