CRAN Package Check Results for Package polyPK

Last updated on 2018-02-20 01:47:40 CET.

Flavor Version Tinstall Tcheck Ttotal Status Flags
r-devel-linux-x86_64-debian-clang 3.0.0 19.47 225.33 244.80 OK
r-devel-linux-x86_64-debian-gcc 3.0.0 15.83 191.01 206.84 OK
r-devel-windows-ix86+x86_64 3.0.0 34.00 188.00 222.00 OK
r-patched-linux-x86_64 3.0.0 11.25 257.38 268.63 OK
r-patched-solaris-x86 3.0.0 369.80 OK
r-release-linux-x86_64 3.0.0 12.61 264.63 277.24 OK
r-release-windows-ix86+x86_64 3.0.0 43.00 306.00 349.00 OK
r-release-osx-x86_64 3.0.0 ERROR
r-oldrel-windows-ix86+x86_64 3.0.0 37.00 274.00 311.00 OK
r-oldrel-osx-x86_64 3.0.0 OK

Check Details

Version: 3.0.0
Check: package dependencies
Result: ERROR
    Packages required but not available:
     ‘impute’ ‘pcaMethods’ ‘imputeLCMD’ ‘ropls’ ‘samr’
    
    See section ‘The DESCRIPTION file’ in the ‘Writing R Extensions’
    manual.
Flavor: r-release-osx-x86_64