CRAN Package Check Results for Package polyPK

Last updated on 2019-02-21 07:48:47 CET.

Flavor Version Tinstall Tcheck Ttotal Status Flags
r-devel-linux-x86_64-debian-clang 3.1.0 21.92 268.67 290.59 OK
r-devel-linux-x86_64-debian-gcc 3.1.0 16.60 207.80 224.40 OK
r-devel-linux-x86_64-fedora-clang 3.1.0 358.55 OK
r-devel-linux-x86_64-fedora-gcc 3.1.0 336.28 OK
r-devel-windows-ix86+x86_64 3.1.0 48.00 310.00 358.00 OK
r-patched-linux-x86_64 3.1.0 OK
r-patched-solaris-x86 3.1.0 391.30 OK
r-release-linux-x86_64 3.1.0 OK
r-release-windows-ix86+x86_64 3.1.0 33.00 322.00 355.00 OK
r-release-osx-x86_64 3.1.0 WARN
r-oldrel-windows-ix86+x86_64 3.1.0 23.00 318.00 341.00 OK
r-oldrel-osx-x86_64 3.1.0 WARN

Check Details

Version: 3.1.0
Check: whether package can be installed
Result: WARN
    Found the following significant warnings:
     Warning: 'rgl_init' failed, running with rgl.useNULL = TRUE
Flavors: r-release-osx-x86_64, r-oldrel-osx-x86_64