Last updated on 2021-01-22 01:49:36 CET.
Flavor | Version | Tinstall | Tcheck | Ttotal | Status | Flags |
---|---|---|---|---|---|---|
r-devel-linux-x86_64-debian-clang | 0.6-4 | 4.62 | 46.20 | 50.82 | NOTE | |
r-devel-linux-x86_64-debian-gcc | 0.6-4 | 3.10 | 36.16 | 39.26 | NOTE | |
r-devel-linux-x86_64-fedora-clang | 0.6-4 | 70.57 | NOTE | |||
r-devel-linux-x86_64-fedora-gcc | 0.6-4 | 61.35 | NOTE | |||
r-devel-windows-ix86+x86_64 | 0.6-4 | 8.00 | 48.00 | 56.00 | OK | |
r-patched-linux-x86_64 | 0.6-4 | 4.40 | 44.94 | 49.34 | NOTE | |
r-patched-solaris-x86 | 0.6-4 | 86.70 | NOTE | |||
r-release-linux-x86_64 | 0.6-4 | 3.19 | 46.41 | 49.60 | NOTE | |
r-release-macos-x86_64 | 0.6-4 | OK | ||||
r-release-windows-ix86+x86_64 | 0.6-4 | 6.00 | 63.00 | 69.00 | OK | |
r-oldrel-macos-x86_64 | 0.6-4 | OK | ||||
r-oldrel-windows-ix86+x86_64 | 0.6-4 | 5.00 | 46.00 | 51.00 | OK |
Version: 0.6-4
Check: for non-standard things in the check directory
Result: NOTE
Found the following files/directories:
'test-data.R' 'test-inits.R' 'test.bug' 'test.cmd'
Flavors: r-devel-linux-x86_64-debian-clang, r-devel-linux-x86_64-debian-gcc, r-devel-linux-x86_64-fedora-clang, r-devel-linux-x86_64-fedora-gcc, r-patched-linux-x86_64, r-patched-solaris-x86, r-release-linux-x86_64
Version: 0.6-4
Check: Rd cross-references
Result: NOTE
Undeclared package ‘Rcmdr’ in Rd xrefs
Flavor: r-devel-linux-x86_64-fedora-clang