CRAN Package Check Results for Package polyaAeppli

Last updated on 2018-05-27 06:47:05 CEST.

Flavor Version Tinstall Tcheck Ttotal Status Flags
r-devel-linux-x86_64-debian-clang 2.0 1.36 20.24 21.60 NOTE
r-devel-linux-x86_64-debian-gcc 2.0 0.99 16.10 17.09 NOTE
r-devel-linux-x86_64-fedora-clang 2.0 25.70 NOTE
r-devel-linux-x86_64-fedora-gcc 2.0 24.98 NOTE
r-devel-windows-ix86+x86_64 2.0 3.00 37.00 40.00 NOTE
r-patched-linux-x86_64 2.0 1.16 19.17 20.33 NOTE
r-patched-solaris-x86 2.0 43.80 NOTE
r-release-linux-x86_64 2.0 1.12 19.06 20.18 NOTE
r-release-windows-ix86+x86_64 2.0 4.00 29.00 33.00 NOTE
r-release-osx-x86_64 2.0 NOTE
r-oldrel-windows-ix86+x86_64 2.0 3.00 72.00 75.00 NOTE
r-oldrel-osx-x86_64 2.0 NOTE

Check Details

Version: 2.0
Check: R code for possible problems
Result: NOTE
    qPolyaAeppliSingle: no visible global function definition for ‘qgamma’
    rPolyaAeppli: no visible global function definition for ‘rpois’
    rPolyaAeppli: no visible global function definition for ‘rgeom’
    Undefined global functions or variables:
     qgamma rgeom rpois
    Consider adding
     importFrom("stats", "qgamma", "rgeom", "rpois")
    to your NAMESPACE file.
Flavors: r-devel-linux-x86_64-debian-clang, r-devel-linux-x86_64-debian-gcc, r-devel-linux-x86_64-fedora-clang, r-devel-linux-x86_64-fedora-gcc, r-devel-windows-ix86+x86_64, r-patched-linux-x86_64, r-patched-solaris-x86, r-release-linux-x86_64, r-release-windows-ix86+x86_64, r-release-osx-x86_64, r-oldrel-windows-ix86+x86_64, r-oldrel-osx-x86_64