CRAN Package Check Results for Package polyaAeppli

Last updated on 2018-10-19 22:49:52 CEST.

Flavor Version Tinstall Tcheck Ttotal Status Flags
r-devel-linux-x86_64-debian-clang 2.0 1.25 20.77 22.02 NOTE
r-devel-linux-x86_64-debian-gcc 2.0 0.92 16.79 17.71 NOTE
r-devel-linux-x86_64-fedora-clang 2.0 26.33 NOTE
r-devel-linux-x86_64-fedora-gcc 2.0 25.85 NOTE
r-devel-windows-ix86+x86_64 2.0 4.00 34.00 38.00 NOTE
r-patched-linux-x86_64 2.0 1.07 19.41 20.48 NOTE
r-patched-solaris-x86 2.0 45.30 NOTE
r-release-linux-x86_64 2.0 0.85 19.39 20.24 NOTE
r-release-windows-ix86+x86_64 2.0 4.00 29.00 33.00 NOTE
r-release-osx-x86_64 2.0 NOTE
r-oldrel-windows-ix86+x86_64 2.0 3.00 72.00 75.00 NOTE
r-oldrel-osx-x86_64 2.0 NOTE

Check Details

Version: 2.0
Check: R code for possible problems
Result: NOTE
    qPolyaAeppliSingle: no visible global function definition for ‘qgamma’
    rPolyaAeppli: no visible global function definition for ‘rpois’
    rPolyaAeppli: no visible global function definition for ‘rgeom’
    Undefined global functions or variables:
     qgamma rgeom rpois
    Consider adding
     importFrom("stats", "qgamma", "rgeom", "rpois")
    to your NAMESPACE file.
Flavors: r-devel-linux-x86_64-debian-clang, r-devel-linux-x86_64-debian-gcc, r-devel-linux-x86_64-fedora-clang, r-devel-linux-x86_64-fedora-gcc, r-devel-windows-ix86+x86_64, r-patched-linux-x86_64, r-patched-solaris-x86, r-release-linux-x86_64, r-release-windows-ix86+x86_64, r-release-osx-x86_64, r-oldrel-windows-ix86+x86_64, r-oldrel-osx-x86_64