CRAN Package Check Results for Package polyaAeppli

Last updated on 2018-02-19 08:47:13 CET.

Flavor Version Tinstall Tcheck Ttotal Status Flags
r-devel-linux-x86_64-debian-clang 2.0 0.86 16.84 17.70 NOTE
r-devel-linux-x86_64-debian-gcc 2.0 0.85 15.30 16.15 NOTE
r-devel-linux-x86_64-fedora-clang 2.0 24.22 NOTE
r-devel-linux-x86_64-fedora-gcc 2.0 23.25 NOTE
r-devel-windows-ix86+x86_64 2.0 3.00 29.00 32.00 NOTE
r-patched-linux-x86_64 2.0 0.79 20.03 20.82 NOTE
r-patched-solaris-x86 2.0 32.40 NOTE
r-release-linux-x86_64 2.0 0.68 19.28 19.96 NOTE
r-release-windows-ix86+x86_64 2.0 3.00 72.00 75.00 NOTE
r-release-osx-x86_64 2.0 NOTE
r-oldrel-windows-ix86+x86_64 2.0 2.00 26.00 28.00 NOTE
r-oldrel-osx-x86_64 2.0 NOTE

Check Details

Version: 2.0
Check: R code for possible problems
Result: NOTE
    qPolyaAeppliSingle: no visible global function definition for ‘qgamma’
    rPolyaAeppli: no visible global function definition for ‘rpois’
    rPolyaAeppli: no visible global function definition for ‘rgeom’
    Undefined global functions or variables:
     qgamma rgeom rpois
    Consider adding
     importFrom("stats", "qgamma", "rgeom", "rpois")
    to your NAMESPACE file.
Flavors: r-devel-linux-x86_64-debian-clang, r-devel-linux-x86_64-debian-gcc, r-devel-linux-x86_64-fedora-clang, r-devel-linux-x86_64-fedora-gcc, r-devel-windows-ix86+x86_64, r-patched-linux-x86_64, r-patched-solaris-x86, r-release-linux-x86_64, r-release-windows-ix86+x86_64, r-release-osx-x86_64, r-oldrel-windows-ix86+x86_64, r-oldrel-osx-x86_64