CRAN Package Check Results for Package polymapR

Last updated on 2018-02-20 13:50:05 CET.

Flavor Version Tinstall Tcheck Ttotal Status Flags
r-devel-linux-x86_64-debian-clang 1.0.13 545.65 893.34 1438.99 OK
r-devel-linux-x86_64-debian-gcc 1.0.13 411.04 634.61 1045.65 OK
r-devel-linux-x86_64-fedora-clang 1.0.13 1872.30 NOTE
r-devel-linux-x86_64-fedora-gcc 1.0.13 1827.63 NOTE
r-devel-windows-ix86+x86_64 1.0.13 607.00 641.00 1248.00 NOTE
r-patched-linux-x86_64 1.0.13 7.76 995.15 1002.91 OK
r-patched-solaris-x86 1.0.13 992.40 OK
r-release-linux-x86_64 1.0.13 7.14 1008.56 1015.70 OK
r-release-windows-ix86+x86_64 1.0.13 17.00 894.00 911.00 OK
r-release-osx-x86_64 1.0.13 ERROR
r-oldrel-windows-ix86+x86_64 1.0.13 17.00 889.00 906.00 OK
r-oldrel-osx-x86_64 1.0.12 OK

Check Details

Version: 1.0.13
Check: installed package size
Result: NOTE
     installed size is 9.7Mb
     sub-directories of 1Mb or more:
     R 6.4Mb
     data 2.5Mb
Flavors: r-devel-linux-x86_64-fedora-clang, r-devel-linux-x86_64-fedora-gcc, r-devel-windows-ix86+x86_64

Version: 1.0.13
Check: package dependencies
Result: NOTE
    Package suggested but not available for checking: ‘LPmerge’
Flavor: r-release-osx-x86_64

Version: 1.0.13
Check: Rd cross-references
Result: NOTE
    Package unavailable to check Rd xrefs: ‘LPmerge’
Flavor: r-release-osx-x86_64

Version: 1.0.13
Check: examples
Result: ERROR
    Running examples in ‘polymapR-Ex.R’ failed
    The error most likely occurred in:
    
    > ### Name: orient_and_merge_maps
    > ### Title: Align and integrate maps
    > ### Aliases: orient_and_merge_maps
    >
    > ### ** Examples
    >
    > data("maplist_P1_subset")
    > data("maplist_P2_subset")
    > integrated_map_LG2 <- orient_and_merge_maps(maplist_P1=maplist_P1_subset[["LG4"]],
    + maplist_P2=maplist_P2_subset[["LG4"]],
    + plot_graph = TRUE)
    ####Homologues reversed:
    
    P1_homologue1
    
    
    Error in loadNamespace(name) : there is no package called ‘LPmerge’
    Calls: orient_and_merge_maps ... tryCatch -> tryCatchList -> tryCatchOne -> <Anonymous>
    Execution halted
Flavor: r-release-osx-x86_64