CRAN Package Check Results for Package polymapR

Last updated on 2019-04-20 17:49:29 CEST.

Flavor Version Tinstall Tcheck Ttotal Status Flags
r-devel-linux-x86_64-debian-clang 1.0.19 422.92 961.21 1384.13 OK
r-devel-linux-x86_64-debian-gcc 1.0.19 329.97 689.45 1019.42 OK
r-devel-linux-x86_64-fedora-clang 1.0.19 1899.57 NOTE
r-devel-linux-x86_64-fedora-gcc 1.0.19 1837.39 OK
r-devel-windows-ix86+x86_64 1.0.19 850.00 949.00 1799.00 NOTE
r-patched-linux-x86_64 1.0.19 400.20 953.83 1354.03 OK
r-patched-solaris-x86 1.0.19 2161.40 NOTE
r-release-linux-x86_64 1.0.19 355.65 902.37 1258.02 OK
r-release-windows-ix86+x86_64 1.0.19 577.00 922.00 1499.00 NOTE
r-release-osx-x86_64 1.0.19 NOTE
r-oldrel-windows-ix86+x86_64 1.0.19 17.00 1086.00 1103.00 OK
r-oldrel-osx-x86_64 1.0.19 OK

Check Details

Version: 1.0.19
Check: installed package size
Result: NOTE
     installed size is 10.1Mb
     sub-directories of 1Mb or more:
     R 6.9Mb
     data 2.5Mb
Flavors: r-devel-linux-x86_64-fedora-clang, r-devel-windows-ix86+x86_64, r-patched-solaris-x86, r-release-windows-ix86+x86_64, r-release-osx-x86_64