CRAN Package Check Results for Package polymapR

Last updated on 2019-06-17 09:49:53 CEST.

Flavor Version Tinstall Tcheck Ttotal Status Flags
r-devel-linux-x86_64-debian-clang 1.0.19 413.67 943.77 1357.44 NOTE
r-devel-linux-x86_64-debian-gcc 1.0.19 333.49 692.74 1026.23 NOTE
r-devel-linux-x86_64-fedora-clang 1.0.19 1897.96 NOTE
r-devel-linux-x86_64-fedora-gcc 1.0.19 1838.23 NOTE
r-devel-windows-ix86+x86_64 1.0.19 848.00 956.00 1804.00 NOTE
r-patched-linux-x86_64 1.0.19 404.27 952.25 1356.52 OK
r-patched-solaris-x86 1.0.19 2087.90 NOTE
r-release-linux-x86_64 1.0.19 397.81 960.03 1357.84 OK
r-release-windows-ix86+x86_64 1.0.19 625.00 940.00 1565.00 NOTE
r-release-osx-x86_64 1.0.19 NOTE
r-oldrel-windows-ix86+x86_64 1.0.19 679.00 911.00 1590.00 NOTE
r-oldrel-osx-x86_64 1.0.19 NOTE

Check Details

Version: 1.0.19
Check: for non-standard things in the check directory
Result: NOTE
    Found the following files/directories:
     'LG1' 'LG2' 'LG3' 'LG3_homologue1_P1.pwd' 'LG4' 'LG5' 'TetraOrigin'
     'TetraploidSNPMap_QTLfiles' 'all_linkages_P1' 'mapping_files_MDSMap'
Flavors: r-devel-linux-x86_64-debian-clang, r-devel-linux-x86_64-debian-gcc, r-devel-linux-x86_64-fedora-clang, r-devel-linux-x86_64-fedora-gcc

Version: 1.0.19
Check: installed package size
Result: NOTE
     installed size is 10.1Mb
     sub-directories of 1Mb or more:
     R 6.9Mb
     data 2.5Mb
Flavors: r-devel-linux-x86_64-fedora-clang, r-devel-windows-ix86+x86_64, r-patched-solaris-x86, r-release-windows-ix86+x86_64, r-release-osx-x86_64, r-oldrel-windows-ix86+x86_64, r-oldrel-osx-x86_64