CRAN Package Check Results for Package polymapR

Last updated on 2018-05-26 18:46:47 CEST.

Flavor Version Tinstall Tcheck Ttotal Status Flags
r-devel-linux-x86_64-debian-clang 1.0.16 459.83 865.26 1325.09 OK
r-devel-linux-x86_64-debian-gcc 1.0.16 328.74 639.14 967.88 OK
r-devel-linux-x86_64-fedora-clang 1.0.16 1920.64 NOTE
r-devel-linux-x86_64-fedora-gcc 1.0.16 1847.82 NOTE
r-devel-windows-ix86+x86_64 1.0.16 537.00 664.00 1201.00 NOTE
r-patched-linux-x86_64 1.0.16 428.26 870.60 1298.86 OK
r-patched-solaris-x86 1.0.16 1838.90 NOTE
r-release-linux-x86_64 1.0.16 389.04 862.49 1251.53 OK
r-release-windows-ix86+x86_64 1.0.16 891.00 883.00 1774.00 NOTE
r-release-osx-x86_64 1.0.16 NOTE
r-oldrel-windows-ix86+x86_64 1.0.16 19.00 643.00 662.00 OK
r-oldrel-osx-x86_64 1.0.16 NOTE

Check Details

Version: 1.0.16
Check: installed package size
Result: NOTE
     installed size is 9.7Mb
     sub-directories of 1Mb or more:
     R 6.4Mb
     data 2.5Mb
Flavors: r-devel-linux-x86_64-fedora-clang, r-devel-linux-x86_64-fedora-gcc, r-devel-windows-ix86+x86_64, r-patched-solaris-x86, r-release-windows-ix86+x86_64, r-release-osx-x86_64

Version: 1.0.16
Check: package dependencies
Result: NOTE
    Package suggested but not available for checking: ‘LPmerge’
Flavors: r-release-osx-x86_64, r-oldrel-osx-x86_64

Version: 1.0.16
Check: Rd cross-references
Result: NOTE
    Package unavailable to check Rd xrefs: ‘LPmerge’
Flavors: r-release-osx-x86_64, r-oldrel-osx-x86_64