CRAN Package Check Results for Package polymapR

Last updated on 2019-02-21 01:50:54 CET.

Flavor Version Tinstall Tcheck Ttotal Status Flags
r-devel-linux-x86_64-debian-clang 1.0.19 393.12 950.42 1343.54 OK
r-devel-linux-x86_64-debian-gcc 1.0.19 323.22 697.05 1020.27 OK
r-devel-linux-x86_64-fedora-clang 1.0.19 1935.65 NOTE
r-devel-linux-x86_64-fedora-gcc 1.0.19 1805.94 OK
r-devel-windows-ix86+x86_64 1.0.19 806.00 948.00 1754.00 NOTE
r-patched-linux-x86_64 1.0.19 OK
r-patched-solaris-x86 1.0.19 1974.60 NOTE
r-release-linux-x86_64 1.0.19 OK
r-release-windows-ix86+x86_64 1.0.19 622.00 901.00 1523.00 NOTE
r-release-osx-x86_64 1.0.19 NOTE
r-oldrel-windows-ix86+x86_64 1.0.19 11.00 945.00 956.00 OK
r-oldrel-osx-x86_64 1.0.19 OK

Check Details

Version: 1.0.19
Check: installed package size
Result: NOTE
     installed size is 10.1Mb
     sub-directories of 1Mb or more:
     R 6.9Mb
     data 2.5Mb
Flavors: r-devel-linux-x86_64-fedora-clang, r-devel-windows-ix86+x86_64, r-patched-solaris-x86, r-release-windows-ix86+x86_64, r-release-osx-x86_64