CRAN Package Check Results for Package polymapR

Last updated on 2018-11-18 23:50:03 CET.

Flavor Version Tinstall Tcheck Ttotal Status Flags
r-devel-linux-x86_64-debian-clang 1.0.18 351.49 862.30 1213.79 OK
r-devel-linux-x86_64-debian-gcc 1.0.18 308.41 634.36 942.77 OK
r-devel-linux-x86_64-fedora-clang 1.0.18 1772.04 NOTE
r-devel-linux-x86_64-fedora-gcc 1.0.18 1751.13 OK
r-devel-windows-ix86+x86_64 1.0.18 707.00 646.00 1353.00 NOTE
r-patched-linux-x86_64 1.0.18 343.64 853.45 1197.09 OK
r-patched-solaris-x86 1.0.18 1989.50 NOTE
r-release-linux-x86_64 1.0.18 356.91 856.84 1213.75 OK
r-release-windows-ix86+x86_64 1.0.18 697.00 702.00 1399.00 NOTE
r-release-osx-x86_64 1.0.18 NOTE
r-oldrel-windows-ix86+x86_64 1.0.18 13.00 1002.00 1015.00 OK
r-oldrel-osx-x86_64 1.0.18 OK

Check Details

Version: 1.0.18
Check: installed package size
Result: NOTE
     installed size is 9.6Mb
     sub-directories of 1Mb or more:
     R 6.4Mb
     data 2.5Mb
Flavors: r-devel-linux-x86_64-fedora-clang, r-devel-windows-ix86+x86_64, r-patched-solaris-x86, r-release-windows-ix86+x86_64, r-release-osx-x86_64