CRAN Package Check Results for Package polymapR

Last updated on 2018-08-20 11:48:53 CEST.

Flavor Version Tinstall Tcheck Ttotal Status Flags
r-devel-linux-x86_64-debian-clang 1.0.16 346.40 841.09 1187.49 OK
r-devel-linux-x86_64-debian-gcc 1.0.16 282.98 642.86 925.84 OK
r-devel-linux-x86_64-fedora-clang 1.0.16 1768.86 NOTE
r-devel-linux-x86_64-fedora-gcc 1.0.16 1735.00 OK
r-devel-windows-ix86+x86_64 1.0.16 656.00 915.00 1571.00 NOTE
r-patched-linux-x86_64 1.0.16 342.67 849.12 1191.79 OK
r-patched-solaris-x86 1.0.16 1968.10 NOTE
r-release-linux-x86_64 1.0.16 348.53 852.63 1201.16 OK
r-release-windows-ix86+x86_64 1.0.16 749.00 647.00 1396.00 NOTE
r-release-osx-x86_64 1.0.16 NOTE
r-oldrel-windows-ix86+x86_64 1.0.16 10.00 881.00 891.00 OK
r-oldrel-osx-x86_64 1.0.16 NOTE

Check Details

Version: 1.0.16
Check: installed package size
Result: NOTE
     installed size is 9.7Mb
     sub-directories of 1Mb or more:
     R 6.4Mb
     data 2.5Mb
Flavors: r-devel-linux-x86_64-fedora-clang, r-devel-windows-ix86+x86_64, r-patched-solaris-x86, r-release-windows-ix86+x86_64, r-release-osx-x86_64

Version: 1.0.16
Check: package dependencies
Result: NOTE
    Package suggested but not available for checking: ‘LPmerge’
Flavors: r-release-osx-x86_64, r-oldrel-osx-x86_64

Version: 1.0.16
Check: Rd cross-references
Result: NOTE
    Package unavailable to check Rd xrefs: ‘LPmerge’
Flavors: r-release-osx-x86_64, r-oldrel-osx-x86_64