Last updated on 2021-04-14 07:48:35 CEST.
Flavor | Version | Tinstall | Tcheck | Ttotal | Status | Flags |
---|---|---|---|---|---|---|
r-devel-linux-x86_64-debian-clang | 0.0.5 | 38.84 | 112.50 | 151.34 | OK | |
r-devel-linux-x86_64-debian-gcc | 0.0.5 | 27.64 | 82.10 | 109.74 | OK | |
r-devel-linux-x86_64-fedora-clang | 0.0.5 | 196.24 | NOTE | |||
r-devel-linux-x86_64-fedora-gcc | 0.0.5 | 180.15 | OK | |||
r-devel-windows-ix86+x86_64 | 0.0.5 | 91.00 | 183.00 | 274.00 | NOTE | |
r-devel-windows-x86_64-gcc10-UCRT | 0.0.5 | OK | ||||
r-patched-linux-x86_64 | 0.0.5 | 33.18 | 103.42 | 136.60 | OK | |
r-patched-solaris-x86 | 0.0.5 | 216.90 | NOTE | |||
r-release-linux-x86_64 | 0.0.5 | 32.64 | 104.42 | 137.06 | OK | |
r-release-macos-x86_64 | 0.0.5 | NOTE | ||||
r-release-windows-ix86+x86_64 | 0.0.5 | 87.00 | 203.00 | 290.00 | NOTE | |
r-oldrel-macos-x86_64 | 0.0.5 | NOTE | ||||
r-oldrel-windows-ix86+x86_64 | 0.0.5 | 54.00 | 146.00 | 200.00 | NOTE |
Version: 0.0.5
Check: installed package size
Result: NOTE
installed size is 6.0Mb
sub-directories of 1Mb or more:
data 2.6Mb
doc 1.7Mb
libs 1.2Mb
Flavors: r-devel-linux-x86_64-fedora-clang, r-devel-windows-ix86+x86_64, r-patched-solaris-x86, r-release-macos-x86_64, r-release-windows-ix86+x86_64, r-oldrel-macos-x86_64, r-oldrel-windows-ix86+x86_64