CRAN Package Check Results for Package polywog

Last updated on 2019-09-20 05:47:02 CEST.

Flavor Version Tinstall Tcheck Ttotal Status Flags
r-devel-linux-x86_64-debian-clang 0.4-1 50.27 68.49 118.76 OK
r-devel-linux-x86_64-debian-gcc 0.4-1 39.16 54.11 93.27 OK
r-devel-linux-x86_64-fedora-clang 0.4-1 171.59 OK
r-devel-linux-x86_64-fedora-gcc 0.4-1 164.04 OK
r-devel-windows-ix86+x86_64 0.4-1 131.00 119.00 250.00 OK
r-patched-linux-x86_64 0.4-1 45.78 67.08 112.86 OK
r-patched-solaris-x86 0.4-1 185.50 OK
r-release-linux-x86_64 0.4-1 43.37 67.37 110.74 OK
r-release-windows-ix86+x86_64 0.4-1 87.00 131.00 218.00 OK
r-release-osx-x86_64 0.4-1 FAIL
r-oldrel-windows-ix86+x86_64 0.4-1 81.00 109.00 190.00 OK
r-oldrel-osx-x86_64 0.4-1 OK

Check Details

Version: 0.4-1
Check: dependencies in R code
Result: FAIL
    
Flavor: r-release-osx-x86_64