CRAN Package Check Results for Package polywog

Last updated on 2020-02-27 17:51:05 CET.

Flavor Version Tinstall Tcheck Ttotal Status Flags
r-devel-linux-x86_64-debian-clang 0.4-1 62.61 76.14 138.75 OK
r-devel-linux-x86_64-debian-gcc 0.4-1 40.63 58.80 99.43 OK
r-devel-linux-x86_64-fedora-clang 0.4-1 178.82 OK
r-devel-linux-x86_64-fedora-gcc 0.4-1 164.99 OK
r-devel-windows-ix86+x86_64 0.4-1 107.00 118.00 225.00 OK
r-devel-windows-ix86+x86_64-gcc8 0.4-1 123.00 123.00 246.00 OK
r-patched-linux-x86_64 0.4-1 49.15 66.30 115.45 OK
r-patched-solaris-x86 0.4-1 194.00 OK
r-release-linux-x86_64 0.4-1 44.85 66.19 111.04 OK
r-release-windows-ix86+x86_64 0.4-1 105.00 108.00 213.00 OK
r-release-osx-x86_64 0.4-1 FAIL
r-oldrel-windows-ix86+x86_64 0.4-1 82.00 116.00 198.00 OK
r-oldrel-osx-x86_64 0.4-1 OK

Check Details

Version: 0.4-1
Check: dependencies in R code
Result: FAIL
Flavor: r-release-osx-x86_64