CRAN Package Check Results for Package poolVIM

Last updated on 2023-10-04 11:03:33 CEST.

Flavor Version Tinstall Tcheck Ttotal Status Flags
r-devel-linux-x86_64-debian-clang 1.0.0 10.86 104.41 115.27 NOTE
r-devel-linux-x86_64-debian-gcc 1.0.0 9.70 77.36 87.06 NOTE
r-devel-linux-x86_64-fedora-clang 1.0.0 138.98 NOTE
r-devel-linux-x86_64-fedora-gcc 1.0.0 133.56 NOTE
r-devel-windows-x86_64 1.0.0 12.00 87.00 99.00 NOTE
r-patched-linux-x86_64 1.0.0 9.35 97.59 106.94 NOTE
r-release-linux-x86_64 1.0.0 8.60 99.12 107.72 NOTE
r-release-macos-arm64 1.0.0 43.00 NOTE
r-release-macos-x86_64 1.0.0 66.00 NOTE
r-release-windows-x86_64 1.0.0 15.00 99.00 114.00 NOTE
r-oldrel-macos-arm64 1.0.0 9.00 ERROR
r-oldrel-macos-x86_64 1.0.0 75.00 NOTE
r-oldrel-windows-x86_64 1.0.0 15.00 108.00 123.00 NOTE

Check Details

Version: 1.0.0
Check: LazyData
Result: NOTE
     'LazyData' is specified without a 'data' directory
Flavors: r-devel-linux-x86_64-debian-clang, r-devel-linux-x86_64-debian-gcc, r-devel-linux-x86_64-fedora-clang, r-devel-linux-x86_64-fedora-gcc, r-devel-windows-x86_64, r-patched-linux-x86_64, r-release-linux-x86_64, r-release-macos-arm64, r-release-macos-x86_64, r-release-windows-x86_64, r-oldrel-macos-x86_64, r-oldrel-windows-x86_64

Version: 1.0.0
Check: package dependencies
Result: ERROR
    Package required but not available: ‘EmpiricalBrownsMethod’
    
    See section ‘The DESCRIPTION file’ in the ‘Writing R Extensions’
    manual.
Flavor: r-oldrel-macos-arm64