CRAN Package Check Results for Package poolVIM

Last updated on 2021-04-11 21:48:45 CEST.

Flavor Version Tinstall Tcheck Ttotal Status Flags
r-devel-linux-x86_64-debian-clang 1.0.0 9.80 95.01 104.81 NOTE
r-devel-linux-x86_64-debian-gcc 1.0.0 8.45 69.75 78.20 NOTE
r-devel-linux-x86_64-fedora-clang 1.0.0 131.29 NOTE
r-devel-linux-x86_64-fedora-gcc 1.0.0 117.88 NOTE
r-devel-windows-ix86+x86_64 1.0.0 29.00 102.00 131.00 NOTE
r-devel-windows-x86_64-gcc10-UCRT 1.0.0 NOTE
r-patched-linux-x86_64 1.0.0 8.65 85.00 93.65 OK
r-patched-solaris-x86 1.0.0 182.10 OK
r-release-linux-x86_64 1.0.0 9.06 85.37 94.43 OK
r-release-macos-x86_64 1.0.0 OK
r-release-windows-ix86+x86_64 1.0.0 26.00 114.00 140.00 OK
r-oldrel-macos-x86_64 1.0.0 ERROR
r-oldrel-windows-ix86+x86_64 1.0.0 16.00 74.00 90.00 OK

Check Details

Version: 1.0.0
Check: LazyData
Result: NOTE
     'LazyData' is specified without a 'data' directory
Flavors: r-devel-linux-x86_64-debian-clang, r-devel-linux-x86_64-debian-gcc, r-devel-linux-x86_64-fedora-clang, r-devel-linux-x86_64-fedora-gcc, r-devel-windows-ix86+x86_64, r-devel-windows-x86_64-gcc10-UCRT

Version: 1.0.0
Check: package dependencies
Result: ERROR
    Package required but not available: ‘EmpiricalBrownsMethod’
    
    See section ‘The DESCRIPTION file’ in the ‘Writing R Extensions’
    manual.
Flavor: r-oldrel-macos-x86_64