CRAN Package Check Results for Package popdemo

Last updated on 2022-12-08 22:59:56 CET.

Flavor Version Tinstall Tcheck Ttotal Status Flags
r-devel-linux-x86_64-debian-clang 1.3-1 12.34 126.80 139.14 OK
r-devel-linux-x86_64-debian-gcc 1.3-1 8.97 105.19 114.16 OK
r-devel-linux-x86_64-fedora-clang 1.3-1 185.98 NOTE
r-devel-linux-x86_64-fedora-gcc 1.3-1 192.11 OK
r-devel-windows-x86_64 1.3-1 37.00 192.00 229.00 NOTE
r-patched-linux-x86_64 1.3-1 13.89 118.31 132.20 OK
r-release-linux-x86_64 1.3-1 14.25 118.15 132.40 OK
r-release-macos-arm64 1.3-1 52.00 NOTE
r-release-macos-x86_64 1.3-1 92.00 NOTE
r-release-windows-x86_64 1.3-1 44.00 170.00 214.00 NOTE
r-oldrel-macos-arm64 1.3-1 72.00 NOTE
r-oldrel-macos-x86_64 1.3-1 72.00 NOTE
r-oldrel-windows-ix86+x86_64 1.3-1 27.00 154.00 181.00 NOTE

Check Details

Version: 1.3-1
Check: installed package size
Result: NOTE
     installed size is 5.4Mb
     sub-directories of 1Mb or more:
     doc 4.9Mb
Flavors: r-devel-linux-x86_64-fedora-clang, r-devel-windows-x86_64, r-release-macos-arm64, r-release-macos-x86_64, r-release-windows-x86_64, r-oldrel-macos-arm64, r-oldrel-macos-x86_64, r-oldrel-windows-ix86+x86_64