CRAN Package Check Results for Package poppr

Last updated on 2018-05-24 18:47:28 CEST.

Flavor Version Tinstall Tcheck Ttotal Status Flags
r-devel-linux-x86_64-debian-clang 2.8.0 28.00 216.29 244.29 OK
r-devel-linux-x86_64-debian-gcc 2.8.0 24.82 188.39 213.21 OK
r-devel-linux-x86_64-fedora-clang 2.8.0 175.34 WARN
r-devel-linux-x86_64-fedora-gcc 2.8.0 310.49 OK
r-devel-windows-ix86+x86_64 2.8.0 54.00 312.00 366.00 OK
r-patched-linux-x86_64 2.8.0 24.06 213.59 237.65 OK
r-patched-solaris-x86 2.8.0 360.00 WARN
r-release-linux-x86_64 2.8.0 24.72 217.55 242.27 WARN
r-release-windows-ix86+x86_64 2.8.0 68.00 442.00 510.00 OK
r-release-osx-x86_64 2.8.0 OK
r-oldrel-windows-ix86+x86_64 2.8.0 36.00 403.00 439.00 OK
r-oldrel-osx-x86_64 2.7.1 OK

Check Details

Version: 2.8.0
Check: PDF version of manual
Result: WARN
    LaTeX errors when creating PDF version.
    This typically indicates Rd problems.
    LaTeX errors found:
    ! pdfTeX error (ext4): \pdfendlink ended up in different nesting level than \pd
    fstartlink.
    \AtBegShi@Output ...ipout \box \AtBeginShipoutBox
     \fi \fi
    l.186 \end{Section}
    ! ==> Fatal error occurred, no output PDF file produced!
Flavors: r-devel-linux-x86_64-fedora-clang, r-patched-solaris-x86, r-release-linux-x86_64