CRAN Package Check Results for Package popsom

Last updated on 2022-05-24 22:50:14 CEST.

Flavor Version Tinstall Tcheck Ttotal Status Flags
r-devel-linux-x86_64-debian-clang 6.0 11.18 120.02 131.20 OK
r-devel-linux-x86_64-debian-gcc 6.0 6.33 86.00 92.33 OK
r-devel-linux-x86_64-fedora-clang 6.0 149.85 OK
r-devel-linux-x86_64-fedora-gcc 6.0 133.46 OK
r-devel-windows-x86_64 6.0 21.00 138.00 159.00 OK
r-patched-linux-x86_64 6.0 9.73 109.75 119.48 OK
r-release-linux-x86_64 6.0 OK
r-release-macos-arm64 6.0 39.00 OK
r-release-macos-x86_64 6.0 75.00 ERROR
r-release-windows-x86_64 6.0 24.00 142.00 166.00 OK
r-oldrel-macos-arm64 6.0 48.00 OK
r-oldrel-macos-x86_64 6.0 54.00 ERROR
r-oldrel-windows-ix86+x86_64 6.0 26.00 188.00 214.00 ERROR

Check Details

Version: 6.0
Check: tests
Result: ERROR
     Running ‘testthat.R’ [7s/8s]
    Running the tests in ‘tests/testthat.R’ failed.
    Last 13 lines of output:
     ══ Failed tests ════════════════════════════════════════════════════════════════
     ── Failure (test-predict.R:12:3): map.predict function works ───────────────────
     p[56, 1] (`actual`) not equal to "versicolor" (`expected`).
    
     `actual`: "virginica"
     `expected`: "versicolor"
     ── Failure (test-predict.R:13:3): map.predict function works ───────────────────
     p[145, 1] (`actual`) not equal to "virginica" (`expected`).
    
     `actual`: "versicolor"
     `expected`: "virginica"
    
     [ FAIL 2 | WARN 0 | SKIP 0 | PASS 10 ]
     Error: Test failures
     Execution halted
Flavor: r-release-macos-x86_64

Version: 6.0
Check: tests
Result: ERROR
     Running ‘testthat.R’ [5s/5s]
    Running the tests in ‘tests/testthat.R’ failed.
    Last 13 lines of output:
     ══ Failed tests ════════════════════════════════════════════════════════════════
     ── Failure (test-predict.R:12:3): map.predict function works ───────────────────
     p[56, 1] (`actual`) not equal to "versicolor" (`expected`).
    
     `actual`: "virginica"
     `expected`: "versicolor"
     ── Failure (test-predict.R:13:3): map.predict function works ───────────────────
     p[145, 1] (`actual`) not equal to "virginica" (`expected`).
    
     `actual`: "versicolor"
     `expected`: "virginica"
    
     [ FAIL 2 | WARN 0 | SKIP 0 | PASS 10 ]
     Error: Test failures
     Execution halted
Flavor: r-oldrel-macos-x86_64

Version: 6.0
Check: running tests for arch ‘i386’
Result: ERROR
     Running 'testthat.R' [16s]
    Running the tests in 'tests/testthat.R' failed.
    Complete output:
     > library(testthat)
     > library(popsom)
     >
     > test_check("popsom")
     [ FAIL 2 | WARN 0 | SKIP 0 | PASS 10 ]
    
     == Failed tests ================================================================
     -- Failure (test-predict.R:12:3): map.predict function works -------------------
     p[56, 1] (`actual`) not equal to "versicolor" (`expected`).
    
     `actual`: "virginica"
     `expected`: "versicolor"
     -- Failure (test-predict.R:13:3): map.predict function works -------------------
     p[145, 1] (`actual`) not equal to "virginica" (`expected`).
    
     `actual`: "versicolor"
     `expected`: "virginica"
    
     [ FAIL 2 | WARN 0 | SKIP 0 | PASS 10 ]
     Error: Test failures
     Execution halted
Flavor: r-oldrel-windows-ix86+x86_64

Version: 6.0
Check: running tests for arch ‘x64’
Result: ERROR
     Running 'testthat.R' [16s]
    Running the tests in 'tests/testthat.R' failed.
    Complete output:
     > library(testthat)
     > library(popsom)
     >
     > test_check("popsom")
     [ FAIL 2 | WARN 0 | SKIP 0 | PASS 10 ]
    
     == Failed tests ================================================================
     -- Failure (test-predict.R:12:3): map.predict function works -------------------
     p[56, 1] (`actual`) not equal to "versicolor" (`expected`).
    
     `actual`: "virginica"
     `expected`: "versicolor"
     -- Failure (test-predict.R:13:3): map.predict function works -------------------
     p[145, 1] (`actual`) not equal to "virginica" (`expected`).
    
     `actual`: "versicolor"
     `expected`: "virginica"
    
     [ FAIL 2 | WARN 0 | SKIP 0 | PASS 10 ]
     Error: Test failures
     Execution halted
Flavor: r-oldrel-windows-ix86+x86_64