CRAN Package Check Results for Package porridge

Last updated on 2024-03-04 02:59:28 CET.

Flavor Version Tinstall Tcheck Ttotal Status Flags
r-devel-linux-x86_64-debian-clang 0.3.3 75.35 90.54 165.89 OK
r-devel-linux-x86_64-debian-gcc 0.3.3 55.71 67.45 123.16 OK
r-devel-linux-x86_64-fedora-clang 0.3.3 206.36 OK
r-devel-linux-x86_64-fedora-gcc 0.3.3 223.78 OK
r-devel-windows-x86_64 0.3.3 50.00 104.00 154.00 OK
r-patched-linux-x86_64 0.3.3 63.96 88.92 152.88 OK
r-release-linux-x86_64 0.3.3 63.45 93.04 156.49 OK
r-release-macos-arm64 0.3.3 56.00 NOTE
r-release-macos-x86_64 0.3.3 120.00 NOTE
r-release-windows-x86_64 0.3.3 65.00 126.00 191.00 OK
r-oldrel-macos-arm64 0.3.3 54.00 NOTE
r-oldrel-windows-x86_64 0.3.3 60.00 123.00 183.00 OK

Check Details

Version: 0.3.3
Check: installed package size
Result: NOTE installed size is 6.4Mb sub-directories of 1Mb or more: libs 6.1Mb Flavors: r-release-macos-arm64, r-release-macos-x86_64, r-oldrel-macos-arm64