CRAN Package Check Results for Package portes

Last updated on 2021-04-15 03:49:33 CEST.

Flavor Version Tinstall Tcheck Ttotal Status Flags
r-devel-linux-x86_64-debian-clang 5.0 8.56 93.57 102.13 OK
r-devel-linux-x86_64-debian-gcc 5.0 7.30 69.69 76.99 OK
r-devel-linux-x86_64-fedora-clang 5.0 131.69 NOTE
r-devel-linux-x86_64-fedora-gcc 5.0 119.99 OK
r-devel-windows-ix86+x86_64 5.0 22.00 103.00 125.00 OK
r-devel-windows-x86_64-gcc10-UCRT 5.0 OK
r-patched-linux-x86_64 5.0 9.76 87.05 96.81 OK
r-patched-solaris-x86 5.0 170.10 OK
r-release-linux-x86_64 5.0 7.70 86.22 93.92 OK
r-release-macos-x86_64 5.0 OK
r-release-windows-ix86+x86_64 5.0 24.00 123.00 147.00 OK
r-oldrel-macos-x86_64 5.0 OK
r-oldrel-windows-ix86+x86_64 5.0 15.00 85.00 100.00 OK

Check Details

Version: 5.0
Check: Rd cross-references
Result: NOTE
    Undeclared package ‘TSA’ in Rd xrefs
Flavor: r-devel-linux-x86_64-fedora-clang