CRAN Package Check Results for Package postlightmercury

Last updated on 2024-07-20 12:48:17 CEST.

Flavor Version Tinstall Tcheck Ttotal Status Flags
r-devel-linux-x86_64-debian-clang 1.2 2.08 23.22 25.30 NOTE
r-devel-linux-x86_64-debian-gcc 1.2 1.64 18.15 19.79 NOTE
r-devel-linux-x86_64-fedora-clang 1.2 33.73 NOTE
r-devel-linux-x86_64-fedora-gcc 1.2 30.73 NOTE
r-devel-windows-x86_64 1.2 4.00 40.00 44.00 NOTE
r-patched-linux-x86_64 1.2 2.17 22.02 24.19 NOTE
r-release-linux-x86_64 1.2 1.68 21.99 23.67 NOTE
r-release-macos-arm64 1.2 16.00 NOTE
r-release-macos-x86_64 1.2 21.00 NOTE
r-release-windows-x86_64 1.2 3.00 40.00 43.00 NOTE
r-oldrel-macos-arm64 1.2 19.00 NOTE
r-oldrel-macos-x86_64 1.2 20.00 NOTE
r-oldrel-windows-x86_64 1.2 4.00 40.00 44.00 NOTE

Check Details

Version: 1.2
Check: LazyData
Result: NOTE 'LazyData' is specified without a 'data' directory Flavors: r-devel-linux-x86_64-debian-clang, r-devel-linux-x86_64-debian-gcc, r-devel-linux-x86_64-fedora-clang, r-devel-linux-x86_64-fedora-gcc, r-devel-windows-x86_64, r-patched-linux-x86_64, r-release-linux-x86_64, r-release-macos-arm64, r-release-macos-x86_64, r-release-windows-x86_64, r-oldrel-macos-arm64, r-oldrel-macos-x86_64, r-oldrel-windows-x86_64