Last updated on 2021-01-22 03:50:46 CET.
Flavor | Version | Tinstall | Tcheck | Ttotal | Status | Flags |
---|---|---|---|---|---|---|
r-devel-linux-x86_64-debian-clang | 0.5.2 | 3.26 | 38.43 | 41.69 | OK | |
r-devel-linux-x86_64-debian-gcc | 0.5.2 | 2.72 | 29.71 | 32.43 | OK | |
r-devel-linux-x86_64-fedora-clang | 0.5.2 | 58.33 | NOTE | |||
r-devel-linux-x86_64-fedora-gcc | 0.5.2 | 50.16 | OK | |||
r-devel-windows-ix86+x86_64 | 0.5.2 | 8.00 | 39.00 | 47.00 | OK | |
r-patched-linux-x86_64 | 0.5.2 | 3.19 | 37.03 | 40.22 | OK | |
r-patched-solaris-x86 | 0.5.2 | 70.40 | OK | |||
r-release-linux-x86_64 | 0.5.2 | 2.86 | 37.41 | 40.27 | OK | |
r-release-macos-x86_64 | 0.5.2 | OK | ||||
r-release-windows-ix86+x86_64 | 0.5.2 | 5.00 | 60.00 | 65.00 | OK | |
r-oldrel-macos-x86_64 | 0.5.2 | OK | ||||
r-oldrel-windows-ix86+x86_64 | 0.5.2 | 5.00 | 43.00 | 48.00 | OK |
Version: 0.5.2
Check: Rd cross-references
Result: NOTE
Undeclared packages ‘rstan’, ‘R2WinBUGS’, ‘R2jags’, ‘R2OpenBUGS’, ‘nimble’, ‘rjags’, ‘jagsUI’ in Rd xrefs
Flavor: r-devel-linux-x86_64-fedora-clang