Last updated on 2025-01-24 17:48:32 CET.
Flavor | Version | Tinstall | Tcheck | Ttotal | Status | Flags |
---|---|---|---|---|---|---|
r-devel-linux-x86_64-debian-clang | 1.0.1 | 30.84 | 203.49 | 234.33 | NOTE | |
r-devel-linux-x86_64-debian-gcc | 1.0.1 | 18.15 | 136.16 | 154.31 | NOTE | |
r-devel-linux-x86_64-fedora-clang | 1.0.1 | 393.65 | OK | |||
r-devel-linux-x86_64-fedora-gcc | 1.0.1 | 373.04 | OK | |||
r-devel-windows-x86_64 | 1.0.1 | 28.00 | 191.00 | 219.00 | NOTE | |
r-patched-linux-x86_64 | 1.0.1 | 30.71 | 185.49 | 216.20 | OK | |
r-release-linux-x86_64 | 1.0.1 | 26.32 | 185.77 | 212.09 | OK | |
r-release-macos-arm64 | 1.0.1 | 91.00 | OK | |||
r-release-macos-x86_64 | 1.0.1 | 149.00 | OK | |||
r-release-windows-x86_64 | 1.0.1 | 28.00 | 189.00 | 217.00 | OK | |
r-oldrel-macos-arm64 | 1.0.1 | 92.00 | OK | |||
r-oldrel-macos-x86_64 | 1.0.1 | 197.00 | OK | |||
r-oldrel-windows-x86_64 | 1.0.1 | 38.00 | 247.00 | 285.00 | OK |
Version: 1.0.1
Check: Rd cross-references
Result: NOTE
Found the following Rd file(s) with Rd \link{} targets missing package
anchors:
ebp.Rd: nlme
write.excel.Rd: openxlsx
Please provide package anchors for all Rd \link{} targets not in the
package itself and the base packages.
Flavors: r-devel-linux-x86_64-debian-clang, r-devel-linux-x86_64-debian-gcc, r-devel-windows-x86_64