CRAN Package Check Results for Package powdR

Last updated on 2020-01-19 16:47:45 CET.

Flavor Version Tinstall Tcheck Ttotal Status Flags
r-devel-linux-x86_64-debian-clang 1.1.0 4.68 439.32 444.00 OK
r-devel-linux-x86_64-debian-gcc 1.1.0 4.52 294.88 299.40 OK
r-devel-linux-x86_64-fedora-clang 1.1.0 481.96 NOTE
r-devel-linux-x86_64-fedora-gcc 1.1.0 473.71 NOTE
r-devel-windows-ix86+x86_64 1.1.0 21.00 542.00 563.00 OK
r-devel-windows-ix86+x86_64-gcc8 1.1.0 15.00 538.00 553.00 OK
r-patched-linux-x86_64 1.1.0 4.35 406.16 410.51 OK
r-patched-solaris-x86 1.1.0 903.40 NOTE
r-release-linux-x86_64 1.1.0 4.16 403.06 407.22 OK
r-release-windows-ix86+x86_64 1.1.0 14.00 455.00 469.00 OK
r-release-osx-x86_64 1.1.0 NOTE
r-oldrel-windows-ix86+x86_64 1.1.0 9.00 474.00 483.00 OK
r-oldrel-osx-x86_64 1.1.0 NOTE

Check Details

Version: 1.1.0
Check: dependencies in R code
Result: NOTE
    Namespaces in Imports field not imported from:
     ‘memisc’ ‘shinyWidgets’
     All declared Imports should be used.
Flavors: r-devel-linux-x86_64-fedora-clang, r-devel-linux-x86_64-fedora-gcc, r-patched-solaris-x86, r-release-osx-x86_64, r-oldrel-osx-x86_64