CRAN Package Check Results for Package powerEQTL

Last updated on 2021-05-13 22:51:10 CEST.

Flavor Version Tinstall Tcheck Ttotal Status Flags
r-devel-linux-x86_64-debian-clang 0.2.9 9.24 86.71 95.95 NOTE
r-devel-linux-x86_64-debian-gcc 0.2.9 6.81 66.33 73.14 NOTE
r-devel-linux-x86_64-fedora-clang 0.2.9 123.96 NOTE
r-devel-linux-x86_64-fedora-gcc 0.2.9 114.37 NOTE
r-devel-windows-ix86+x86_64 0.2.9 24.00 79.00 103.00 NOTE
r-devel-windows-x86_64-gcc10-UCRT 0.2.9 NOTE
r-patched-linux-x86_64 0.2.9 8.05 83.99 92.04 NOTE
r-patched-solaris-x86 0.2.9 171.10 NOTE
r-release-linux-x86_64 0.2.9 7.68 82.06 89.74 OK
r-release-macos-x86_64 0.2.9 OK
r-release-windows-ix86+x86_64 0.2.9 18.00 111.00 129.00 OK
r-oldrel-macos-x86_64 0.2.9 OK
r-oldrel-windows-ix86+x86_64 0.2.9 21.00 99.00 120.00 OK

Check Details

Version: 0.2.9
Check: LazyData
Result: NOTE
     'LazyData' is specified without a 'data' directory
Flavors: r-devel-linux-x86_64-debian-clang, r-devel-linux-x86_64-debian-gcc, r-devel-linux-x86_64-fedora-clang, r-devel-linux-x86_64-fedora-gcc, r-devel-windows-ix86+x86_64, r-devel-windows-x86_64-gcc10-UCRT, r-patched-linux-x86_64, r-patched-solaris-x86