CRAN Package Check Results for Package powerLATE

Last updated on 2022-12-10 08:53:41 CET.

Flavor Version Tinstall Tcheck Ttotal Status Flags
r-devel-linux-x86_64-debian-clang 0.1.1 3.19 27.56 30.75 NOTE
r-devel-linux-x86_64-debian-gcc 0.1.1 2.54 22.55 25.09 NOTE
r-devel-linux-x86_64-fedora-clang 0.1.1 47.25 NOTE
r-devel-linux-x86_64-fedora-gcc 0.1.1 45.79 NOTE
r-devel-windows-x86_64 0.1.1 22.00 59.00 81.00 NOTE
r-patched-linux-x86_64 0.1.1 3.05 24.91 27.96 NOTE
r-release-linux-x86_64 0.1.1 2.65 25.17 27.82 NOTE
r-release-macos-arm64 0.1.1 15.00 NOTE
r-release-macos-x86_64 0.1.1 22.00 NOTE
r-release-windows-x86_64 0.1.1 16.00 52.00 68.00 NOTE
r-oldrel-macos-arm64 0.1.1 19.00 NOTE
r-oldrel-macos-x86_64 0.1.1 26.00 NOTE
r-oldrel-windows-ix86+x86_64 0.1.1 7.00 50.00 57.00 NOTE

Check Details

Version: 0.1.1
Check: LazyData
Result: NOTE
     'LazyData' is specified without a 'data' directory
Flavors: r-devel-linux-x86_64-debian-clang, r-devel-linux-x86_64-debian-gcc, r-devel-linux-x86_64-fedora-clang, r-devel-linux-x86_64-fedora-gcc, r-devel-windows-x86_64, r-patched-linux-x86_64, r-release-linux-x86_64, r-release-macos-arm64, r-release-macos-x86_64, r-release-windows-x86_64, r-oldrel-macos-arm64, r-oldrel-macos-x86_64, r-oldrel-windows-ix86+x86_64