CRAN Package Check Results for Package ppcong

Last updated on 2022-12-09 11:53:16 CET.

Flavor Version Tinstall Tcheck Ttotal Status Flags
r-devel-linux-x86_64-debian-clang 0.0.2 2.68 25.58 28.26 NOTE
r-devel-linux-x86_64-debian-gcc 0.0.2 1.91 21.07 22.98 NOTE
r-devel-linux-x86_64-fedora-clang 0.0.2 46.01 NOTE
r-devel-linux-x86_64-fedora-gcc 0.0.2 44.89 NOTE
r-devel-windows-x86_64 0.0.2 15.00 56.00 71.00 NOTE
r-patched-linux-x86_64 0.0.2 2.68 24.42 27.10 NOTE
r-release-linux-x86_64 0.0.2 2.51 25.45 27.96 NOTE
r-release-macos-arm64 0.0.2 16.00 NOTE
r-release-macos-x86_64 0.0.2 23.00 NOTE
r-release-windows-x86_64 0.0.2 21.00 57.00 78.00 NOTE
r-oldrel-macos-arm64 0.0.2 21.00 NOTE
r-oldrel-macos-x86_64 0.0.2 26.00 NOTE
r-oldrel-windows-ix86+x86_64 0.0.2 7.00 48.00 55.00 NOTE

Check Details

Version: 0.0.2
Check: LazyData
Result: NOTE
     'LazyData' is specified without a 'data' directory
Flavors: r-devel-linux-x86_64-debian-clang, r-devel-linux-x86_64-debian-gcc, r-devel-linux-x86_64-fedora-clang, r-devel-linux-x86_64-fedora-gcc, r-devel-windows-x86_64, r-patched-linux-x86_64, r-release-linux-x86_64, r-release-macos-arm64, r-release-macos-x86_64, r-release-windows-x86_64, r-oldrel-macos-arm64, r-oldrel-macos-x86_64, r-oldrel-windows-ix86+x86_64