CRAN Package Check Results for Package ppgmmga

Last updated on 2021-04-11 18:47:40 CEST.

Flavor Version Tinstall Tcheck Ttotal Status Flags
r-devel-linux-x86_64-debian-clang 1.2 54.48 95.49 149.97 NOTE
r-devel-linux-x86_64-debian-gcc 1.2 36.73 65.90 102.63 NOTE
r-devel-linux-x86_64-fedora-clang 1.2 202.56 NOTE
r-devel-linux-x86_64-fedora-gcc 1.2 189.97 NOTE
r-devel-windows-ix86+x86_64 1.2 98.00 114.00 212.00 NOTE
r-devel-windows-x86_64-gcc10-UCRT 1.2 NOTE
r-patched-linux-x86_64 1.2 43.00 87.59 130.59 OK
r-patched-solaris-x86 1.2 226.50 OK
r-release-linux-x86_64 1.2 40.09 87.14 127.23 OK
r-release-macos-x86_64 1.2 OK
r-release-windows-ix86+x86_64 1.2 133.00 151.00 284.00 OK
r-oldrel-macos-x86_64 1.2 OK
r-oldrel-windows-ix86+x86_64 1.2 116.00 104.00 220.00 OK

Check Details

Version: 1.2
Check: LazyData
Result: NOTE
     'LazyData' is specified without a 'data' directory
Flavors: r-devel-linux-x86_64-debian-clang, r-devel-linux-x86_64-debian-gcc, r-devel-linux-x86_64-fedora-clang, r-devel-linux-x86_64-fedora-gcc, r-devel-windows-ix86+x86_64, r-devel-windows-x86_64-gcc10-UCRT