CRAN Package Check Results for Package pqrfe

Last updated on 2024-06-22 03:49:38 CEST.

Flavor Version Tinstall Tcheck Ttotal Status Flags
r-devel-linux-x86_64-debian-clang 1.1 31.51 37.91 69.42 NOTE
r-devel-linux-x86_64-debian-gcc 1.1 20.19 28.92 49.11 NOTE
r-devel-linux-x86_64-fedora-clang 1.1 100.75 NOTE
r-devel-linux-x86_64-fedora-gcc 1.1 101.47 NOTE
r-devel-windows-x86_64 1.1 29.00 71.00 100.00 NOTE
r-patched-linux-x86_64 1.1 27.11 35.86 62.97 NOTE
r-release-linux-x86_64 1.1 32.60 35.79 68.39 NOTE
r-release-macos-arm64 1.1 27.00 NOTE
r-release-macos-x86_64 1.1 41.00 NOTE
r-release-windows-x86_64 1.1 30.00 68.00 98.00 NOTE
r-oldrel-macos-arm64 1.1 28.00 NOTE
r-oldrel-macos-x86_64 1.1 45.00 NOTE
r-oldrel-windows-x86_64 1.1 35.00 82.00 117.00 NOTE

Check Details

Version: 1.1
Check: C++ specification
Result: NOTE Specified C++11: please drop specification unless essential Flavors: r-devel-linux-x86_64-debian-clang, r-devel-linux-x86_64-debian-gcc, r-devel-linux-x86_64-fedora-clang, r-devel-linux-x86_64-fedora-gcc, r-devel-windows-x86_64, r-patched-linux-x86_64, r-release-linux-x86_64, r-release-macos-arm64, r-release-macos-x86_64, r-release-windows-x86_64, r-oldrel-macos-arm64, r-oldrel-macos-x86_64, r-oldrel-windows-x86_64