CRAN Package Check Results for Package prclust

Last updated on 2022-12-07 06:53:16 CET.

Flavor Version Tinstall Tcheck Ttotal Status Flags
r-devel-linux-x86_64-debian-clang 1.3 22.40 32.47 54.87 OK
r-devel-linux-x86_64-debian-gcc 1.3 17.92 25.00 42.92 OK
r-devel-linux-x86_64-fedora-clang 1.3 86.58 NOTE
r-devel-linux-x86_64-fedora-gcc 1.3 78.61 NOTE
r-devel-windows-x86_64 1.3 25.00 76.00 101.00 OK
r-patched-linux-x86_64 1.3 18.09 31.06 49.15 OK
r-release-linux-x86_64 1.3 19.25 30.41 49.66 OK
r-release-macos-arm64 1.3 23.00 OK
r-release-macos-x86_64 1.3 30.00 OK
r-release-windows-x86_64 1.3 24.00 79.00 103.00 OK
r-oldrel-macos-arm64 1.3 29.00 OK
r-oldrel-macos-x86_64 1.3 41.00 OK
r-oldrel-windows-ix86+x86_64 1.3 55.00 81.00 136.00 OK

Check Details

Version: 1.3
Check: compiled code
Result: NOTE
    File ‘prclust/libs/prclust.so’:
     Found no calls to: ‘R_registerRoutines’, ‘R_useDynamicSymbols’
    
    It is good practice to register native routines and to disable symbol
    search.
    
    See ‘Writing portable packages’ in the ‘Writing R Extensions’ manual.
Flavors: r-devel-linux-x86_64-fedora-clang, r-devel-linux-x86_64-fedora-gcc