CRAN Package Check Results for Package predatory

Last updated on 2018-02-20 05:48:05 CET.

Flavor Version Tinstall Tcheck Ttotal Status Flags
r-devel-linux-x86_64-debian-clang 1.2 0.87 19.67 20.54 NOTE
r-devel-linux-x86_64-debian-gcc 1.2 0.65 16.41 17.06 NOTE
r-devel-linux-x86_64-fedora-clang 1.2 25.87 NOTE
r-devel-linux-x86_64-fedora-gcc 1.2 24.45 NOTE
r-devel-windows-ix86+x86_64 1.2 3.00 29.00 32.00 OK
r-patched-linux-x86_64 1.2 0.70 23.75 24.45 OK
r-patched-solaris-x86 1.2 37.90 OK
r-release-linux-x86_64 1.2 0.75 23.42 24.17 OK
r-release-windows-ix86+x86_64 1.2 4.00 33.00 37.00 OK
r-release-osx-x86_64 1.2 OK
r-oldrel-windows-ix86+x86_64 1.2 3.00 41.00 44.00 OK
r-oldrel-osx-x86_64 1.2 OK

Check Details

Version: 1.2
Check: DESCRIPTION meta-information
Result: NOTE
    Dependence on R version ‘3.3.2’ not with patchlevel 0
Flavors: r-devel-linux-x86_64-debian-clang, r-devel-linux-x86_64-debian-gcc, r-devel-linux-x86_64-fedora-clang, r-devel-linux-x86_64-fedora-gcc