CRAN Package Check Results for Package predatory

Last updated on 2018-05-25 16:48:37 CEST.

Flavor Version Tinstall Tcheck Ttotal Status Flags
r-devel-linux-x86_64-debian-clang 1.2 0.93 22.26 23.19 OK
r-devel-linux-x86_64-debian-gcc 1.2 0.72 17.60 18.32 OK
r-devel-linux-x86_64-fedora-clang 1.2 27.24 OK
r-devel-linux-x86_64-fedora-gcc 1.2 26.29 OK
r-devel-windows-ix86+x86_64 1.2 2.00 36.00 38.00 OK
r-patched-linux-x86_64 1.2 0.68 20.46 21.14 NOTE
r-patched-solaris-x86 1.2 40.10 OK
r-release-linux-x86_64 1.2 0.86 20.64 21.50 NOTE
r-release-windows-ix86+x86_64 1.2 3.00 52.00 55.00 OK
r-release-osx-x86_64 1.2 OK
r-oldrel-windows-ix86+x86_64 1.2 3.00 33.00 36.00 OK
r-oldrel-osx-x86_64 1.2 OK

Check Details

Version: 1.2
Check: DESCRIPTION meta-information
Result: NOTE
    Dependence on R version ‘3.3.2’ not with patchlevel 0
Flavors: r-patched-linux-x86_64, r-release-linux-x86_64