CRAN Package Check Results for Package predatory

Last updated on 2018-08-19 07:47:32 CEST.

Flavor Version Tinstall Tcheck Ttotal Status Flags
r-devel-linux-x86_64-debian-clang 1.2 0.86 23.12 23.98 OK
r-devel-linux-x86_64-debian-gcc 1.2 0.78 18.45 19.23 OK
r-devel-linux-x86_64-fedora-clang 1.2 28.49 OK
r-devel-linux-x86_64-fedora-gcc 1.2 27.85 OK
r-devel-windows-ix86+x86_64 1.2 3.00 48.00 51.00 OK
r-patched-linux-x86_64 1.2 0.96 20.31 21.27 NOTE
r-patched-solaris-x86 1.2 41.70 OK
r-release-linux-x86_64 1.2 0.88 20.62 21.50 NOTE
r-release-windows-ix86+x86_64 1.2 4.00 31.00 35.00 OK
r-release-osx-x86_64 1.2 OK
r-oldrel-windows-ix86+x86_64 1.2 2.00 55.00 57.00 OK
r-oldrel-osx-x86_64 1.2 OK

Check Details

Version: 1.2
Check: DESCRIPTION meta-information
Result: NOTE
    Dependence on R version ‘3.3.2’ not with patchlevel 0
Flavors: r-patched-linux-x86_64, r-release-linux-x86_64