CRAN Package Check Results for Package prediction

Last updated on 2018-04-24 19:54:31 CEST.

Flavor Version Tinstall Tcheck Ttotal Status Flags
r-devel-linux-x86_64-debian-clang 0.3.2 3.18 33.28 36.46 OK
r-devel-linux-x86_64-debian-gcc 0.3.2 2.87 26.03 28.90 OK
r-devel-linux-x86_64-fedora-clang 0.3.2 45.11 OK
r-devel-linux-x86_64-fedora-gcc 0.3.2 42.79 OK
r-devel-windows-ix86+x86_64 0.3.2 8.00 44.00 52.00 OK
r-patched-linux-x86_64 0.3.2 2.98 32.92 35.90 OK
r-patched-solaris-x86 0.3.2 60.50 OK
r-release-linux-x86_64 0.3.2 3.95 33.49 37.44 OK
r-release-windows-ix86+x86_64 0.3.2 8.00 44.00 52.00 OK
r-release-osx-x86_64 0.3.2 ERROR
r-oldrel-windows-ix86+x86_64 0.3.2 7.00 56.00 63.00 OK
r-oldrel-osx-x86_64 0.3.2 ERROR

Check Details

Version: 0.3.2
Check: tests
Result: ERROR
     Running ‘testthat-prediction.R’ [20s/20s]
    Running the tests in ‘tests/testthat-prediction.R’ failed.
    Last 13 lines of output:
     no applicable method for 'predict' applied to an object of class "c('ksvm', 'vm')"
     1: prediction(m, data = genetrain) at testthat/tests-methods.R:255
     2: prediction.ksvm(m, data = genetrain)
     3: predict(model, newdata = out, type = "response", ...)
    
     ══ testthat results ═══════════════════════════════════════════════════════════
     OK: 164 SKIPPED: 0 FAILED: 5
     1. Error: Test prediction() for 'glimML' (@tests-methods.R#33)
     2. Error: Test prediction() for 'glimQL' (@tests-methods.R#40)
     3. Error: Test prediction() for 'gausspr' (@tests-methods.R#236)
     4. Error: Test prediction() for 'kqr' (@tests-methods.R#244)
     5. Error: Test prediction() for 'ksvm' (@tests-methods.R#255)
    
     Error: testthat unit tests failed
     Execution halted
Flavor: r-release-osx-x86_64

Version: 0.3.2
Check: tests
Result: ERROR
     Running ‘testthat-prediction.R’ [26s/27s]
    Running the tests in ‘tests/testthat-prediction.R’ failed.
    Last 13 lines of output:
     no applicable method for 'predict' applied to an object of class "c('ksvm', 'vm')"
     1: prediction(m, data = genetrain) at testthat/tests-methods.R:255
     2: prediction.ksvm(m, data = genetrain)
     3: predict(model, newdata = out, type = "response", ...)
    
     ══ testthat results ═══════════════════════════════════════════════════════════
     OK: 164 SKIPPED: 0 FAILED: 5
     1. Error: Test prediction() for 'glimML' (@tests-methods.R#33)
     2. Error: Test prediction() for 'glimQL' (@tests-methods.R#40)
     3. Error: Test prediction() for 'gausspr' (@tests-methods.R#236)
     4. Error: Test prediction() for 'kqr' (@tests-methods.R#244)
     5. Error: Test prediction() for 'ksvm' (@tests-methods.R#255)
    
     Error: testthat unit tests failed
     Execution halted
Flavor: r-oldrel-osx-x86_64