CRAN Package Check Results for Package predictoR

Last updated on 2019-09-20 21:46:33 CEST.

Flavor Version Tinstall Tcheck Ttotal Status Flags
r-devel-linux-x86_64-debian-clang 1.1.0 2.01 16.28 18.29 OK
r-devel-linux-x86_64-debian-gcc 1.1.0 1.88 13.38 15.26 OK
r-devel-linux-x86_64-fedora-clang 1.1.0 24.25 NOTE
r-devel-linux-x86_64-fedora-gcc 1.1.0 22.73 NOTE
r-devel-windows-ix86+x86_64 1.1.0 22.00 39.00 61.00 OK
r-patched-linux-x86_64 1.1.0 1.74 16.13 17.87 OK
r-patched-solaris-x86 1.1.0 37.40 NOTE
r-release-linux-x86_64 1.1.0 1.90 16.25 18.15 OK
r-release-windows-ix86+x86_64 1.1.0 5.00 30.00 35.00 OK
r-release-osx-x86_64 1.1.0 NOTE
r-oldrel-windows-ix86+x86_64 1.1.0 3.00 30.00 33.00 OK
r-oldrel-osx-x86_64 1.1.0 NOTE

Check Details

Version: 1.1.0
Check: dependencies in R code
Result: NOTE
    Namespaces in Imports field not imported from:
     ‘DT’ ‘ROCR’ ‘ada’ ‘colourpicker’ ‘corrplot’ ‘e1071’ ‘flexdashboard’
     ‘glmnet’ ‘kknn’ ‘neuralnet’ ‘randomForest’ ‘rattle’ ‘rpart’
     ‘shinyAce’ ‘shinyWidgets’ ‘shinydashboardPlus’ ‘shinyjs’ ‘tidyverse’
     ‘xgboost’ ‘zip’
     All declared Imports should be used.
Flavors: r-devel-linux-x86_64-fedora-clang, r-devel-linux-x86_64-fedora-gcc, r-patched-solaris-x86, r-release-osx-x86_64, r-oldrel-osx-x86_64