CRAN Package Check Results for Package predictoR

Last updated on 2021-05-18 17:48:20 CEST.

Flavor Version Tinstall Tcheck Ttotal Status Flags
r-devel-linux-x86_64-debian-clang 1.1.9 2.37 20.55 22.92 OK
r-devel-linux-x86_64-debian-gcc 1.1.9 2.07 16.65 18.72 OK
r-devel-linux-x86_64-fedora-clang 1.1.9 37.57 NOTE
r-devel-linux-x86_64-fedora-gcc 1.1.9 26.71 NOTE
r-devel-windows-ix86+x86_64 1.1.9 10.00 39.00 49.00 OK
r-devel-windows-x86_64-gcc10-UCRT 1.1.9 NOTE
r-patched-linux-x86_64 1.1.9 2.44 20.42 22.86 OK
r-patched-solaris-x86 1.1.9 45.20 NOTE
r-release-linux-x86_64 1.1.9 2.58 20.33 22.91 OK
r-release-macos-x86_64 1.1.9 NOTE
r-release-windows-ix86+x86_64 1.1.9 7.00 28.00 35.00 OK
r-oldrel-macos-x86_64 1.1.9 ERROR
r-oldrel-windows-ix86+x86_64 1.1.7 3.00 26.00 29.00 OK

Check Details

Version: 1.1.9
Check: dependencies in R code
Result: NOTE
    Namespaces in Imports field not imported from:
     ‘DT’ ‘ROCR’ ‘adabag’ ‘colourpicker’ ‘e1071’ ‘flexdashboard’ ‘glmnet’
     ‘kknn’ ‘neuralnet’ ‘plyr’ ‘randomForest’ ‘rattle’ ‘rpart’ ‘shinyAce’
     ‘shinyWidgets’ ‘shinydashboardPlus’ ‘shinyjs’ ‘tidyverse’ ‘xgboost’
     All declared Imports should be used.
Flavors: r-devel-linux-x86_64-fedora-clang, r-devel-linux-x86_64-fedora-gcc, r-devel-windows-x86_64-gcc10-UCRT, r-patched-solaris-x86, r-release-macos-x86_64

Version: 1.1.9
Check: whether package can be installed
Result: ERROR
    Installation failed.
Flavor: r-oldrel-macos-x86_64