CRAN Package Check Results for Package predictrace

Last updated on 2019-09-20 19:47:11 CEST.

Flavor Version Tinstall Tcheck Ttotal Status Flags
r-devel-linux-x86_64-debian-clang 1.0.0 11.70 31.87 43.57 OK
r-devel-linux-x86_64-debian-gcc 1.0.0 12.08 26.07 38.15 OK
r-devel-linux-x86_64-fedora-clang 1.0.0 55.46 NOTE
r-devel-linux-x86_64-fedora-gcc 1.0.0 54.60 NOTE
r-devel-windows-ix86+x86_64 1.0.0 27.00 42.00 69.00 OK
r-patched-linux-x86_64 1.0.0 11.91 30.60 42.51 OK
r-patched-solaris-x86 1.0.0 90.50 NOTE
r-release-linux-x86_64 1.0.0 11.58 31.26 42.84 OK
r-release-windows-ix86+x86_64 1.0.0 19.00 60.00 79.00 OK
r-release-osx-x86_64 1.0.0 NOTE
r-oldrel-windows-ix86+x86_64 1.0.0 12.00 41.00 53.00 OK
r-oldrel-osx-x86_64 1.0.0 NOTE

Check Details

Version: 1.0.0
Check: dependencies in R code
Result: NOTE
    Namespaces in Imports field not imported from:
     ‘here’ ‘tidyr’
     All declared Imports should be used.
Flavors: r-devel-linux-x86_64-fedora-clang, r-devel-linux-x86_64-fedora-gcc, r-patched-solaris-x86, r-release-osx-x86_64, r-oldrel-osx-x86_64