CRAN Package Check Results for Package predictrace

Last updated on 2020-02-24 14:48:13 CET.

Flavor Version Tinstall Tcheck Ttotal Status Flags
r-devel-linux-x86_64-debian-clang 1.0.0 11.45 35.82 47.27 OK
r-devel-linux-x86_64-debian-gcc 1.0.0 11.48 28.26 39.74 OK
r-devel-linux-x86_64-fedora-clang 1.0.0 59.87 NOTE
r-devel-linux-x86_64-fedora-gcc 1.0.0 59.09 NOTE
r-devel-windows-ix86+x86_64 1.0.0 19.00 43.00 62.00 OK
r-devel-windows-ix86+x86_64-gcc8 1.0.0 23.00 51.00 74.00 OK
r-patched-linux-x86_64 1.0.0 OK
r-patched-solaris-x86 1.0.0 94.60 NOTE
r-release-linux-x86_64 1.0.0 11.15 32.10 43.25 OK
r-release-windows-ix86+x86_64 1.0.0 18.00 45.00 63.00 OK
r-release-osx-x86_64 1.0.0 NOTE
r-oldrel-windows-ix86+x86_64 1.0.0 15.00 47.00 62.00 OK
r-oldrel-osx-x86_64 1.0.0 NOTE

Check Details

Version: 1.0.0
Check: dependencies in R code
Result: NOTE
    Namespaces in Imports field not imported from:
     ‘here’ ‘tidyr’
     All declared Imports should be used.
Flavors: r-devel-linux-x86_64-fedora-clang, r-devel-linux-x86_64-fedora-gcc, r-patched-solaris-x86, r-release-osx-x86_64, r-oldrel-osx-x86_64