Last updated on 2021-04-10 14:48:05 CEST.
Flavor | Version | Tinstall | Tcheck | Ttotal | Status | Flags |
---|---|---|---|---|---|---|
r-devel-linux-x86_64-debian-clang | 0.1.1 | 3.30 | 49.10 | 52.40 | NOTE | |
r-devel-linux-x86_64-debian-gcc | 0.1.1 | 2.01 | 36.06 | 38.07 | NOTE | |
r-devel-linux-x86_64-fedora-clang | 0.1.1 | 67.34 | NOTE | |||
r-devel-linux-x86_64-fedora-gcc | 0.1.1 | 57.71 | NOTE | |||
r-devel-windows-ix86+x86_64 | 0.1.1 | 7.00 | 56.00 | 63.00 | NOTE | |
r-devel-windows-x86_64-gcc10-UCRT | 0.1.1 | NOTE | ||||
r-patched-linux-x86_64 | 0.1.1 | 3.42 | 46.32 | 49.74 | OK | |
r-patched-solaris-x86 | 0.1.1 | 92.30 | OK | |||
r-release-linux-x86_64 | 0.1.1 | 3.45 | 47.08 | 50.53 | OK | |
r-release-macos-x86_64 | 0.1.1 | OK | ||||
r-release-windows-ix86+x86_64 | 0.1.1 | 8.00 | 75.00 | 83.00 | OK | |
r-oldrel-macos-x86_64 | 0.1.1 | OK | ||||
r-oldrel-windows-ix86+x86_64 | 0.1.1 | 6.00 | 56.00 | 62.00 | OK |
Version: 0.1.1
Check: LazyData
Result: NOTE
'LazyData' is specified without a 'data' directory
Flavors: r-devel-linux-x86_64-debian-clang, r-devel-linux-x86_64-debian-gcc, r-devel-linux-x86_64-fedora-clang, r-devel-linux-x86_64-fedora-gcc, r-devel-windows-ix86+x86_64, r-devel-windows-x86_64-gcc10-UCRT