CRAN Package Check Results for Package preprosim

Last updated on 2018-02-23 20:48:52 CET.

Flavor Version Tinstall Tcheck Ttotal Status Flags
r-devel-linux-x86_64-debian-clang 0.2.0 2.24 185.13 187.37 OK
r-devel-linux-x86_64-debian-gcc 0.2.0 1.48 156.29 157.77 OK
r-devel-linux-x86_64-fedora-clang 0.2.0 218.30 NOTE
r-devel-linux-x86_64-fedora-gcc 0.2.0 220.29 NOTE
r-devel-windows-ix86+x86_64 0.2.0 9.00 238.00 247.00 OK
r-patched-linux-x86_64 0.2.0 1.95 192.41 194.36 OK
r-patched-solaris-x86 0.2.0 298.20 NOTE
r-release-linux-x86_64 0.2.0 1.63 183.54 185.17 OK
r-release-windows-ix86+x86_64 0.2.0 9.00 244.00 253.00 OK
r-release-osx-x86_64 0.2.0 NOTE
r-oldrel-windows-ix86+x86_64 0.2.0 6.00 177.00 183.00 OK
r-oldrel-osx-x86_64 0.2.0 NOTE

Check Details

Version: 0.2.0
Check: dependencies in R code
Result: NOTE
    Namespace in Imports field not imported from: ‘e1071’
     All declared Imports should be used.
Flavors: r-devel-linux-x86_64-fedora-clang, r-devel-linux-x86_64-fedora-gcc, r-patched-solaris-x86, r-release-osx-x86_64, r-oldrel-osx-x86_64