CRAN Package Check Results for Package preprosim

Last updated on 2018-05-26 02:48:49 CEST.

Flavor Version Tinstall Tcheck Ttotal Status Flags
r-devel-linux-x86_64-debian-clang 0.2.0 2.05 194.85 196.90 OK
r-devel-linux-x86_64-debian-gcc 0.2.0 2.16 147.60 149.76 OK
r-devel-linux-x86_64-fedora-clang 0.2.0 225.77 NOTE
r-devel-linux-x86_64-fedora-gcc 0.2.0 224.57 NOTE
r-devel-windows-ix86+x86_64 0.2.0 5.00 186.00 191.00 OK
r-patched-linux-x86_64 0.2.0 1.84 182.46 184.30 OK
r-patched-solaris-x86 0.2.0 318.60 NOTE
r-release-linux-x86_64 0.2.0 2.00 175.31 177.31 OK
r-release-windows-ix86+x86_64 0.2.0 12.00 249.00 261.00 OK
r-release-osx-x86_64 0.2.0 NOTE
r-oldrel-windows-ix86+x86_64 0.2.0 8.00 172.00 180.00 OK
r-oldrel-osx-x86_64 0.2.0 NOTE

Check Details

Version: 0.2.0
Check: dependencies in R code
Result: NOTE
    Namespace in Imports field not imported from: ‘e1071’
     All declared Imports should be used.
Flavors: r-devel-linux-x86_64-fedora-clang, r-devel-linux-x86_64-fedora-gcc, r-patched-solaris-x86, r-release-osx-x86_64, r-oldrel-osx-x86_64