CRAN Package Check Results for Package preprosim

Last updated on 2018-08-19 22:53:26 CEST.

Flavor Version Tinstall Tcheck Ttotal Status Flags
r-devel-linux-x86_64-debian-clang 0.2.0 2.97 191.28 194.25 OK
r-devel-linux-x86_64-debian-gcc 0.2.0 2.89 152.50 155.39 OK
r-devel-linux-x86_64-fedora-clang 0.2.0 224.66 NOTE
r-devel-linux-x86_64-fedora-gcc 0.2.0 219.66 NOTE
r-devel-windows-ix86+x86_64 0.2.0 11.00 264.00 275.00 OK
r-patched-linux-x86_64 0.2.0 2.80 180.41 183.21 OK
r-patched-solaris-x86 0.2.0 334.70 NOTE
r-release-linux-x86_64 0.2.0 3.07 179.34 182.41 OK
r-release-windows-ix86+x86_64 0.2.0 12.00 177.00 189.00 OK
r-release-osx-x86_64 0.2.0 NOTE
r-oldrel-windows-ix86+x86_64 0.2.0 8.00 251.00 259.00 OK
r-oldrel-osx-x86_64 0.2.0 NOTE

Check Details

Version: 0.2.0
Check: dependencies in R code
Result: NOTE
    Namespace in Imports field not imported from: ‘e1071’
     All declared Imports should be used.
Flavors: r-devel-linux-x86_64-fedora-clang, r-devel-linux-x86_64-fedora-gcc, r-patched-solaris-x86, r-release-osx-x86_64, r-oldrel-osx-x86_64