CRAN Package Check Results for Package preproviz

Last updated on 2018-05-23 20:48:44 CEST.

Flavor Version Tinstall Tcheck Ttotal Status Flags
r-devel-linux-x86_64-debian-clang 0.2.0 2.88 59.22 62.10 OK
r-devel-linux-x86_64-debian-gcc 0.2.0 0.34 1.60 1.94 ERROR
r-devel-linux-x86_64-fedora-clang 0.2.0 76.13 OK
r-devel-linux-x86_64-fedora-gcc 0.2.0 73.11 OK
r-devel-windows-ix86+x86_64 0.2.0 8.00 96.00 104.00 OK
r-patched-linux-x86_64 0.2.0 3.62 53.01 56.63 OK
r-patched-solaris-x86 0.2.0 104.40 OK
r-release-linux-x86_64 0.2.0 3.13 52.38 55.51 OK
r-release-windows-ix86+x86_64 0.2.0 14.00 98.00 112.00 OK
r-release-osx-x86_64 0.2.0 OK
r-oldrel-windows-ix86+x86_64 0.2.0 14.00 70.00 84.00 OK
r-oldrel-osx-x86_64 0.2.0 OK

Check Details

Version: 0.2.0
Check: package dependencies
Result: ERROR
    Packages required but not available: ‘caret’ ‘ggplot2’ ‘ggdendro’
    
    Package suggested but not available for checking: ‘preprocomb’
    
    See section ‘The DESCRIPTION file’ in the ‘Writing R Extensions’
    manual.
Flavor: r-devel-linux-x86_64-debian-gcc