CRAN Package Check Results for Package preregr

Last updated on 2024-02-27 09:54:04 CET.

Flavor Version Tinstall Tcheck Ttotal Status Flags
r-devel-linux-x86_64-debian-clang 0.2.9 4.41 105.96 110.37 NOTE
r-devel-linux-x86_64-debian-gcc 0.2.9 4.29 82.58 86.87 NOTE
r-devel-linux-x86_64-fedora-clang 0.2.9 136.28 NOTE
r-devel-linux-x86_64-fedora-gcc 0.2.9 149.99 NOTE
r-devel-windows-x86_64 0.2.9 6.00 122.00 128.00 OK
r-patched-linux-x86_64 0.2.9 5.80 104.50 110.30 OK
r-release-linux-x86_64 0.2.9 6.20 103.77 109.97 OK
r-release-macos-arm64 0.2.9 100.00 OK
r-release-macos-x86_64 0.2.9 182.00 OK
r-release-windows-x86_64 0.2.9 7.00 137.00 144.00 OK
r-oldrel-macos-arm64 0.2.9 71.00 OK
r-oldrel-windows-x86_64 0.2.9 9.00 134.00 143.00 OK

Check Details

Version: 0.2.9
Check: Rd files
Result: NOTE checkRd: (-1) prereg_initialize.Rd:20: Lost braces; missing escapes or markup? 20 | the (pre)registration form specification (in {preregr} format), see the | ^ checkRd: (-1) prereg_initialize.Rd:23: Lost braces; missing escapes or markup? 23 | specification, or a loaded or imported {preregr} (pre)registration form. | ^ checkRd: (-1) prereg_initialize.Rd:26: Lost braces; missing escapes or markup? 26 | For an introduction to working with {preregr} (pre)registrations, | ^ checkRd: (-1) rmd_templates.Rd:75: Lost braces; missing escapes or markup? 75 | This function creates an R Markdown template from a {preregr} | ^ checkRd: (-1) rmd_templates.Rd:77: Lost braces; missing escapes or markup? 77 | Sheet holding the (pre)registration form specification (in {preregr} | ^ checkRd: (-1) rmd_templates.Rd:81: Lost braces; missing escapes or markup? 81 | specification, or a loaded or imported {preregr} (pre)registration form. | ^ Flavors: r-devel-linux-x86_64-debian-clang, r-devel-linux-x86_64-debian-gcc, r-devel-linux-x86_64-fedora-clang, r-devel-linux-x86_64-fedora-gcc

Version: 0.2.9
Check: data for non-ASCII characters
Result: NOTE Note: found 96 marked UTF-8 strings Flavors: r-devel-linux-x86_64-fedora-clang, r-devel-linux-x86_64-fedora-gcc