CRAN Package Check Results for Package presentes

Last updated on 2022-12-04 17:50:49 CET.

Flavor Version Tinstall Tcheck Ttotal Status Flags
r-devel-linux-x86_64-debian-clang 0.1.0 4.13 28.18 32.31 OK
r-devel-linux-x86_64-debian-gcc 0.1.0 3.32 22.09 25.41 OK
r-devel-linux-x86_64-fedora-clang 0.1.0 50.56 NOTE
r-devel-linux-x86_64-fedora-gcc 0.1.0 48.53 NOTE
r-devel-windows-x86_64 0.1.0 21.00 60.00 81.00 OK
r-patched-linux-x86_64 0.1.0 3.68 28.02 31.70 OK
r-release-linux-x86_64 0.1.0 4.19 27.37 31.56 OK
r-release-macos-arm64 0.1.0 19.00 NOTE
r-release-macos-x86_64 0.1.0 23.00 NOTE
r-release-windows-x86_64 0.1.0 11.00 61.00 72.00 OK
r-oldrel-macos-arm64 0.1.0 22.00 NOTE
r-oldrel-macos-x86_64 0.1.0 37.00 NOTE
r-oldrel-windows-ix86+x86_64 0.1.0 9.00 53.00 62.00 OK

Check Details

Version: 0.1.0
Check: data for non-ASCII characters
Result: NOTE
     Note: found 42966 marked UTF-8 strings
Flavors: r-devel-linux-x86_64-fedora-clang, r-devel-linux-x86_64-fedora-gcc, r-release-macos-arm64, r-release-macos-x86_64, r-oldrel-macos-arm64, r-oldrel-macos-x86_64