CRAN Package Check Results for Package presentes

Last updated on 2024-07-14 20:51:07 CEST.

Flavor Version Tinstall Tcheck Ttotal Status Flags
r-devel-linux-x86_64-debian-clang 0.1.0 3.95 27.48 31.43 OK
r-devel-linux-x86_64-debian-gcc 0.1.0 3.32 20.88 24.20 OK
r-devel-linux-x86_64-fedora-clang 0.1.0 39.49 NOTE
r-devel-linux-x86_64-fedora-gcc 0.1.0 37.81 NOTE
r-devel-windows-x86_64 0.1.0 5.00 45.00 50.00 OK
r-patched-linux-x86_64 0.1.0 3.52 26.21 29.73 OK
r-release-linux-x86_64 0.1.0 3.73 25.52 29.25 OK
r-release-macos-arm64 0.1.0 19.00 OK
r-release-macos-x86_64 0.1.0 24.00 OK
r-release-windows-x86_64 0.1.0 5.00 46.00 51.00 OK
r-oldrel-macos-arm64 0.1.0 18.00 OK
r-oldrel-macos-x86_64 0.1.0 26.00 OK
r-oldrel-windows-x86_64 0.1.0 7.00 46.00 53.00 OK

Check Details

Version: 0.1.0
Check: data for non-ASCII characters
Result: NOTE Note: found 42966 marked UTF-8 strings Flavors: r-devel-linux-x86_64-fedora-clang, r-devel-linux-x86_64-fedora-gcc