CRAN Package Check Results for Package prettyB

Last updated on 2022-12-05 07:53:49 CET.

Flavor Version Tinstall Tcheck Ttotal Status Flags
r-devel-linux-x86_64-debian-clang 0.2.2 3.52 34.84 38.36 NOTE
r-devel-linux-x86_64-debian-gcc 0.2.2 2.59 26.48 29.07 NOTE
r-devel-linux-x86_64-fedora-clang 0.2.2 57.16 NOTE
r-devel-linux-x86_64-fedora-gcc 0.2.2 65.83 NOTE
r-devel-windows-x86_64 0.2.2 27.00 64.00 91.00 NOTE
r-patched-linux-x86_64 0.2.2 2.85 32.53 35.38 NOTE
r-release-linux-x86_64 0.2.2 3.47 32.99 36.46 NOTE
r-release-macos-arm64 0.2.2 19.00 NOTE
r-release-macos-x86_64 0.2.2 27.00 NOTE
r-release-windows-x86_64 0.2.2 28.00 67.00 95.00 NOTE
r-oldrel-macos-arm64 0.2.2 22.00 NOTE
r-oldrel-macos-x86_64 0.2.2 37.00 NOTE
r-oldrel-windows-ix86+x86_64 0.2.2 7.00 58.00 65.00 NOTE

Check Details

Version: 0.2.2
Check: LazyData
Result: NOTE
     'LazyData' is specified without a 'data' directory
Flavors: r-devel-linux-x86_64-debian-clang, r-devel-linux-x86_64-debian-gcc, r-devel-linux-x86_64-fedora-clang, r-devel-linux-x86_64-fedora-gcc, r-devel-windows-x86_64, r-patched-linux-x86_64, r-release-linux-x86_64, r-release-macos-arm64, r-release-macos-x86_64, r-release-windows-x86_64, r-oldrel-macos-arm64, r-oldrel-macos-x86_64, r-oldrel-windows-ix86+x86_64