CRAN Package Check Results for Package prettycode

Last updated on 2021-04-15 02:47:48 CEST.

Flavor Version Tinstall Tcheck Ttotal Status Flags
r-devel-linux-x86_64-debian-clang 1.1.0 2.31 26.49 28.80 NOTE
r-devel-linux-x86_64-debian-gcc 1.1.0 1.79 20.79 22.58 NOTE
r-devel-linux-x86_64-fedora-clang 1.1.0 44.58 NOTE
r-devel-linux-x86_64-fedora-gcc 1.1.0 34.77 NOTE
r-devel-windows-ix86+x86_64 1.1.0 5.00 33.00 38.00 NOTE
r-devel-windows-x86_64-gcc10-UCRT 1.1.0 NOTE
r-patched-linux-x86_64 1.1.0 2.15 25.53 27.68 OK
r-patched-solaris-x86 1.1.0 53.70 OK
r-release-linux-x86_64 1.1.0 2.16 25.49 27.65 OK
r-release-macos-x86_64 1.1.0 OK
r-release-windows-ix86+x86_64 1.1.0 7.00 42.00 49.00 OK
r-oldrel-macos-x86_64 1.1.0 OK
r-oldrel-windows-ix86+x86_64 1.1.0 5.00 31.00 36.00 OK

Check Details

Version: 1.1.0
Check: LazyData
Result: NOTE
     'LazyData' is specified without a 'data' directory
Flavors: r-devel-linux-x86_64-debian-clang, r-devel-linux-x86_64-debian-gcc, r-devel-linux-x86_64-fedora-clang, r-devel-linux-x86_64-fedora-gcc, r-devel-windows-ix86+x86_64, r-devel-windows-x86_64-gcc10-UCRT