Last updated on 2023-11-29 19:54:16 CET.
Flavor | Version | Tinstall | Tcheck | Ttotal | Status | Flags |
---|---|---|---|---|---|---|
r-devel-linux-x86_64-debian-clang | 0.4.1 | 3.58 | 42.88 | 46.46 | NOTE | |
r-devel-linux-x86_64-debian-gcc | 0.4.1 | 2.63 | 33.72 | 36.35 | NOTE | |
r-devel-linux-x86_64-fedora-clang | 0.4.1 | 59.14 | NOTE | |||
r-devel-linux-x86_64-fedora-gcc | 0.4.1 | 66.83 | NOTE | |||
r-devel-windows-x86_64 | 0.4.1 | 4.00 | 63.00 | 67.00 | NOTE | |
r-patched-linux-x86_64 | 0.4.1 | 2.80 | 42.46 | 45.26 | NOTE | |
r-release-linux-x86_64 | 0.4.1 | 3.17 | 42.48 | 45.65 | NOTE | |
r-release-macos-arm64 | 0.4.1 | 36.00 | NOTE | |||
r-release-macos-x86_64 | 0.4.1 | 47.00 | NOTE | |||
r-release-windows-x86_64 | 0.4.1 | 6.00 | 65.00 | 71.00 | NOTE | |
r-oldrel-macos-arm64 | 0.4.1 | 22.00 | NOTE | |||
r-oldrel-macos-x86_64 | 0.4.1 | 35.00 | NOTE | |||
r-oldrel-windows-x86_64 | 0.4.1 | 5.00 | 68.00 | 73.00 | NOTE |
Version: 0.4.1
Check: LazyData
Result: NOTE
'LazyData' is specified without a 'data' directory
Flavors: r-devel-linux-x86_64-debian-clang, r-devel-linux-x86_64-debian-gcc, r-devel-linux-x86_64-fedora-clang, r-devel-linux-x86_64-fedora-gcc, r-devel-windows-x86_64, r-patched-linux-x86_64, r-release-linux-x86_64, r-release-macos-arm64, r-release-macos-x86_64, r-release-windows-x86_64, r-oldrel-macos-arm64, r-oldrel-macos-x86_64, r-oldrel-windows-x86_64