CRAN Package Check Results for Package priceR

Last updated on 2024-02-28 19:49:44 CET.

Flavor Version Tinstall Tcheck Ttotal Status Flags
r-devel-linux-x86_64-debian-clang 1.0.1 4.02 49.89 53.91 OK
r-devel-linux-x86_64-debian-gcc 1.0.1 4.77 37.95 42.72 OK
r-devel-linux-x86_64-fedora-clang 1.0.1 69.23 NOTE
r-devel-linux-x86_64-fedora-gcc 1.0.1 65.72 NOTE
r-devel-windows-x86_64 1.0.1 6.00 62.00 68.00 OK
r-patched-linux-x86_64 1.0.1 4.00 48.15 52.15 OK
r-release-linux-x86_64 1.0.1 3.89 47.93 51.82 OK
r-release-macos-arm64 1.0.1 31.00 OK
r-release-macos-x86_64 1.0.1 47.00 OK
r-release-windows-x86_64 1.0.1 8.00 68.00 76.00 OK
r-oldrel-macos-arm64 1.0.1 35.00 OK
r-oldrel-windows-x86_64 1.0.1 10.00 69.00 79.00 OK

Check Details

Version: 1.0.1
Check: data for non-ASCII characters
Result: NOTE Note: found 165 marked UTF-8 strings Flavors: r-devel-linux-x86_64-fedora-clang, r-devel-linux-x86_64-fedora-gcc