CRAN Package Check Results for Package primerTree

Last updated on 2018-02-20 01:47:40 CET.

Flavor Version Tinstall Tcheck Ttotal Status Flags
r-devel-linux-x86_64-debian-clang 1.0.3 3.85 45.90 49.75 NOTE
r-devel-linux-x86_64-debian-gcc 1.0.3 3.91 40.04 43.95 NOTE
r-devel-linux-x86_64-fedora-clang 1.0.3 68.36 NOTE
r-devel-linux-x86_64-fedora-gcc 1.0.3 64.30 NOTE
r-devel-windows-ix86+x86_64 1.0.3 11.00 90.00 101.00 OK
r-patched-linux-x86_64 1.0.3 4.04 57.20 61.24 NOTE
r-patched-solaris-x86 1.0.3 95.10 OK
r-release-linux-x86_64 1.0.3 4.13 58.55 62.68 NOTE
r-release-windows-ix86+x86_64 1.0.3 24.00 138.00 162.00 OK
r-release-osx-x86_64 1.0.3 OK
r-oldrel-windows-ix86+x86_64 1.0.3 15.00 113.00 128.00 OK
r-oldrel-osx-x86_64 1.0.3 OK

Check Details

Version: 1.0.3
Check: compiled code
Result: NOTE
    File ‘primerTree/libs/primerTree.so’:
     Found no calls to: ‘R_registerRoutines’, ‘R_useDynamicSymbols’
    
    It is good practice to register native routines and to disable symbol
    search.
    
    See ‘Writing portable packages’ in the ‘Writing R Extensions’ manual.
Flavors: r-devel-linux-x86_64-debian-clang, r-devel-linux-x86_64-debian-gcc, r-devel-linux-x86_64-fedora-clang, r-devel-linux-x86_64-fedora-gcc, r-patched-linux-x86_64, r-release-linux-x86_64