CRAN Package Check Results for Package prioritylasso

Last updated on 2022-08-09 20:53:57 CEST.

Flavor Version Tinstall Tcheck Ttotal Status Flags
r-devel-linux-x86_64-debian-clang 0.2.5 8.58 209.82 218.40 OK
r-devel-linux-x86_64-debian-gcc 0.2.5 8.74 158.18 166.92 OK
r-devel-linux-x86_64-fedora-clang 0.2.5 266.00 NOTE
r-devel-linux-x86_64-fedora-gcc 0.2.5 265.20 OK
r-devel-windows-x86_64 0.2.5 37.00 232.00 269.00 OK
r-patched-linux-x86_64 0.2.5 10.15 202.45 212.60 OK
r-release-linux-x86_64 0.2.5 OK
r-release-macos-arm64 0.2.5 75.00 OK
r-release-macos-x86_64 0.2.5 98.00 OK
r-release-windows-x86_64 0.2.5 22.00 238.00 260.00 OK
r-oldrel-macos-arm64 0.2.5 88.00 OK
r-oldrel-macos-x86_64 0.2.5 154.00 OK
r-oldrel-windows-ix86+x86_64 0.2.5 20.00 239.00 259.00 OK

Check Details

Version: 0.2.5
Check: Rd cross-references
Result: NOTE
    Undeclared packages ‘ipflasso’, ‘mvtnorm’ in Rd xrefs
Flavor: r-devel-linux-x86_64-fedora-clang