CRAN Package Check Results for Package prisonbrief

Last updated on 2018-05-24 10:48:26 CEST.

Flavor Version Tinstall Tcheck Ttotal Status Flags
r-devel-linux-x86_64-debian-clang 0.1.0 4.99 45.71 50.70 OK
r-devel-linux-x86_64-debian-gcc 0.1.0 4.80 43.30 48.10 OK
r-devel-linux-x86_64-fedora-clang 0.1.0 71.80 NOTE
r-devel-linux-x86_64-fedora-gcc 0.1.0 66.21 NOTE
r-devel-windows-ix86+x86_64 0.1.0 8.00 67.00 75.00 OK
r-patched-linux-x86_64 0.1.0 3.38 44.54 47.92 OK
r-patched-solaris-x86 0.1.0 110.90 NOTE
r-release-linux-x86_64 0.1.0 3.00 44.58 47.58 OK
r-release-windows-ix86+x86_64 0.1.0 14.00 85.00 99.00 OK
r-release-osx-x86_64 0.1.0 NOTE
r-oldrel-windows-ix86+x86_64 0.1.0 10.00 81.00 91.00 OK
r-oldrel-osx-x86_64 0.1.0 NOTE

Check Details

Version: 0.1.0
Check: data for non-ASCII characters
Result: NOTE
     Note: found 2 marked UTF-8 strings
Flavors: r-devel-linux-x86_64-fedora-clang, r-devel-linux-x86_64-fedora-gcc, r-patched-solaris-x86, r-release-osx-x86_64, r-oldrel-osx-x86_64