CRAN Package Check Results for Package prisonbrief

Last updated on 2018-08-19 11:48:02 CEST.

Flavor Version Tinstall Tcheck Ttotal Status Flags
r-devel-linux-x86_64-debian-clang 0.1.0 4.75 53.15 57.90 OK
r-devel-linux-x86_64-debian-gcc 0.1.0 3.82 45.00 48.82 OK
r-devel-linux-x86_64-fedora-clang 0.1.0 71.75 NOTE
r-devel-linux-x86_64-fedora-gcc 0.1.0 68.26 NOTE
r-devel-windows-ix86+x86_64 0.1.0 11.00 91.00 102.00 OK
r-patched-linux-x86_64 0.1.0 3.95 45.39 49.34 OK
r-patched-solaris-x86 0.1.0 105.80 NOTE
r-release-linux-x86_64 0.1.0 3.21 45.46 48.67 OK
r-release-windows-ix86+x86_64 0.1.0 14.00 77.00 91.00 OK
r-release-osx-x86_64 0.1.0 NOTE
r-oldrel-windows-ix86+x86_64 0.1.0 8.00 60.00 68.00 OK
r-oldrel-osx-x86_64 0.1.0 NOTE

Check Details

Version: 0.1.0
Check: data for non-ASCII characters
Result: NOTE
     Note: found 2 marked UTF-8 strings
Flavors: r-devel-linux-x86_64-fedora-clang, r-devel-linux-x86_64-fedora-gcc, r-patched-solaris-x86, r-release-osx-x86_64, r-oldrel-osx-x86_64