CRAN Package Check Results for Package prisonbrief

Last updated on 2018-11-17 06:46:53 CET.

Flavor Version Tinstall Tcheck Ttotal Status Flags
r-devel-linux-x86_64-debian-clang 0.1.0 3.80 48.63 52.43 OK
r-devel-linux-x86_64-debian-gcc 0.1.0 3.77 41.16 44.93 OK
r-devel-linux-x86_64-fedora-clang 0.1.0 71.38 NOTE
r-devel-linux-x86_64-fedora-gcc 0.1.0 62.03 NOTE
r-devel-windows-ix86+x86_64 0.1.0 11.00 59.00 70.00 OK
r-patched-linux-x86_64 0.1.0 4.14 46.00 50.14 OK
r-patched-solaris-x86 0.1.0 105.10 NOTE
r-release-linux-x86_64 0.1.0 3.82 45.92 49.74 OK
r-release-windows-ix86+x86_64 0.1.0 12.00 60.00 72.00 OK
r-release-osx-x86_64 0.1.0 NOTE
r-oldrel-windows-ix86+x86_64 0.1.0 14.00 92.00 106.00 OK
r-oldrel-osx-x86_64 0.1.0 NOTE

Check Details

Version: 0.1.0
Check: data for non-ASCII characters
Result: NOTE
     Note: found 2 marked UTF-8 strings
Flavors: r-devel-linux-x86_64-fedora-clang, r-devel-linux-x86_64-fedora-gcc, r-patched-solaris-x86, r-release-osx-x86_64, r-oldrel-osx-x86_64