CRAN Package Check Results for Package probably

Last updated on 2024-02-24 13:49:33 CET.

Flavor Version Tinstall Tcheck Ttotal Status Flags
r-devel-linux-x86_64-debian-clang 1.0.2 19.18 385.63 404.81 OK
r-devel-linux-x86_64-debian-gcc 1.0.3 16.44 433.26 449.70 OK
r-devel-linux-x86_64-fedora-clang 1.0.3 694.96 NOTE
r-devel-linux-x86_64-fedora-gcc 1.0.3 697.05 OK
r-devel-windows-x86_64 1.0.2 16.00 287.00 303.00 OK
r-patched-linux-x86_64 1.0.2 15.02 368.12 383.14 OK
r-release-linux-x86_64 1.0.2 12.77 374.68 387.45 OK
r-release-macos-arm64 1.0.3 151.00 OK
r-release-macos-x86_64 1.0.3 374.00 OK
r-release-windows-x86_64 1.0.2 23.00 363.00 386.00 OK
r-oldrel-macos-arm64 1.0.3 139.00 OK
r-oldrel-windows-x86_64 1.0.3 24.00 332.00 356.00 OK

Check Details

Version: 1.0.3
Check: Rd cross-references
Result: NOTE Undeclared package ‘future’ in Rd xrefs Flavor: r-devel-linux-x86_64-fedora-clang