CRAN Package Check Results for Package processmapR

Last updated on 2018-02-23 14:49:38 CET.

Flavor Version Tinstall Tcheck Ttotal Status Flags
r-devel-linux-x86_64-debian-clang 0.2.1 3.80 58.78 62.58 WARN
r-devel-linux-x86_64-debian-gcc 0.2.1 3.59 46.67 50.26 WARN
r-devel-linux-x86_64-fedora-clang 0.2.1 81.95 WARN
r-devel-linux-x86_64-fedora-gcc 0.2.1 80.47 WARN
r-devel-windows-ix86+x86_64 0.2.1 15.00 99.00 114.00 WARN
r-patched-linux-x86_64 0.2.1 4.27 60.60 64.87 OK
r-patched-solaris-x86 0.2.1 104.20 OK
r-release-linux-x86_64 0.2.1 4.34 58.81 63.15 OK
r-release-windows-ix86+x86_64 0.2.1 15.00 95.00 110.00 OK
r-release-osx-x86_64 0.2.1 WARN
r-oldrel-windows-ix86+x86_64 0.2.1 11.00 74.00 85.00 OK
r-oldrel-osx-x86_64 0.2.1 WARN

Check Details

Version: 0.2.1
Check: whether package can be installed
Result: WARN
    Found the following significant warnings:
     Note: break may be used in wrong context: no loop is visible
Flavors: r-devel-linux-x86_64-debian-clang, r-devel-linux-x86_64-debian-gcc, r-devel-linux-x86_64-fedora-clang, r-devel-linux-x86_64-fedora-gcc, r-devel-windows-ix86+x86_64

Version: 0.2.1
Check: whether package can be installed
Result: WARN
    Found the following significant warnings:
     Warning: replacing previous import ‘bupaR::filter_attributes’ by ‘edeaR::filter_attributes’ when loading ‘processmapR’
Flavors: r-release-osx-x86_64, r-oldrel-osx-x86_64