CRAN Package Check Results for Package processmapR

Last updated on 2018-11-17 10:51:19 CET.

Flavor Version Tinstall Tcheck Ttotal Status Flags
r-devel-linux-x86_64-debian-clang 0.3.2 5.45 66.39 71.84 OK
r-devel-linux-x86_64-debian-gcc 0.3.2 4.50 51.64 56.14 OK
r-devel-linux-x86_64-fedora-clang 0.3.2 92.68 NOTE
r-devel-linux-x86_64-fedora-gcc 0.3.2 79.93 NOTE
r-devel-windows-ix86+x86_64 0.3.2 21.00 79.00 100.00 OK
r-patched-linux-x86_64 0.3.2 5.97 62.35 68.32 OK
r-patched-solaris-x86 0.3.2 131.10 NOTE
r-release-linux-x86_64 0.3.2 4.59 63.83 68.42 OK
r-release-windows-ix86+x86_64 0.3.2 17.00 81.00 98.00 OK
r-release-osx-x86_64 0.3.2 NOTE
r-oldrel-windows-ix86+x86_64 0.3.2 16.00 108.00 124.00 OK
r-oldrel-osx-x86_64 0.3.2 NOTE

Check Details

Version: 0.3.2
Check: dependencies in R code
Result: NOTE
    Namespace in Imports field not imported from: ‘viridis’
     All declared Imports should be used.
Flavors: r-devel-linux-x86_64-fedora-clang, r-devel-linux-x86_64-fedora-gcc, r-patched-solaris-x86, r-release-osx-x86_64, r-oldrel-osx-x86_64