CRAN Package Check Results for Package processmapR

Last updated on 2018-08-21 20:46:40 CEST.

Flavor Version Tinstall Tcheck Ttotal Status Flags
r-devel-linux-x86_64-debian-clang 0.3.2 6.58 71.18 77.76 OK
r-devel-linux-x86_64-debian-gcc 0.3.2 5.72 57.18 62.90 OK
r-devel-linux-x86_64-fedora-clang 0.3.2 92.30 NOTE
r-devel-linux-x86_64-fedora-gcc 0.3.2 88.41 NOTE
r-devel-windows-ix86+x86_64 0.3.2 24.00 132.00 156.00 OK
r-patched-linux-x86_64 0.3.2 4.53 61.92 66.45 OK
r-patched-solaris-x86 0.3.2 124.00 NOTE
r-release-linux-x86_64 0.3.2 4.61 62.12 66.73 OK
r-release-windows-ix86+x86_64 0.3.2 23.00 75.00 98.00 OK
r-release-osx-x86_64 0.3.2 NOTE
r-oldrel-windows-ix86+x86_64 0.3.2 11.00 77.00 88.00 OK
r-oldrel-osx-x86_64 0.3.2 NOTE

Check Details

Version: 0.3.2
Check: dependencies in R code
Result: NOTE
    Namespace in Imports field not imported from: ‘viridis’
     All declared Imports should be used.
Flavors: r-devel-linux-x86_64-fedora-clang, r-devel-linux-x86_64-fedora-gcc, r-patched-solaris-x86, r-release-osx-x86_64, r-oldrel-osx-x86_64