CRAN Package Check Results for Package processmapR

Last updated on 2019-02-17 21:47:44 CET.

Flavor Version Tinstall Tcheck Ttotal Status Flags
r-devel-linux-x86_64-debian-clang 0.3.2 6.17 68.79 74.96 OK
r-devel-linux-x86_64-debian-gcc 0.3.2 5.20 54.20 59.40 OK
r-devel-linux-x86_64-fedora-clang 0.3.2 91.77 NOTE
r-devel-linux-x86_64-fedora-gcc 0.3.2 82.09 NOTE
r-devel-windows-ix86+x86_64 0.3.2 17.00 81.00 98.00 OK
r-patched-linux-x86_64 0.3.2 6.43 63.30 69.73 OK
r-patched-solaris-x86 0.3.2 143.10 NOTE
r-release-linux-x86_64 0.3.2 OK
r-release-windows-ix86+x86_64 0.3.2 12.00 122.00 134.00 OK
r-release-osx-x86_64 0.3.2 NOTE
r-oldrel-windows-ix86+x86_64 0.3.2 13.00 85.00 98.00 OK
r-oldrel-osx-x86_64 0.3.2 NOTE

Check Details

Version: 0.3.2
Check: dependencies in R code
Result: NOTE
    Namespace in Imports field not imported from: ‘viridis’
     All declared Imports should be used.
Flavors: r-devel-linux-x86_64-fedora-clang, r-devel-linux-x86_64-fedora-gcc, r-patched-solaris-x86, r-release-osx-x86_64, r-oldrel-osx-x86_64