CRAN Package Check Results for Package processx

Last updated on 2019-08-24 13:46:57 CEST.

Flavor Version Tinstall Tcheck Ttotal Status Flags
r-devel-linux-x86_64-debian-clang 3.4.1 8.31 42.03 50.34 OK
r-devel-linux-x86_64-debian-gcc 3.4.1 6.88 35.39 42.27 OK
r-devel-linux-x86_64-fedora-clang 3.4.1 62.48 OK
r-devel-linux-x86_64-fedora-gcc 3.4.1 60.64 OK
r-devel-windows-ix86+x86_64 3.4.1 55.00 141.00 196.00 OK
r-patched-linux-x86_64 3.4.1 6.95 42.29 49.24 ERROR
r-patched-solaris-x86 3.4.1 91.00 WARN
r-release-linux-x86_64 3.4.1 6.86 43.15 50.01 OK
r-release-windows-ix86+x86_64 3.4.1 86.00 143.00 229.00 OK
r-release-osx-x86_64 3.4.1 OK
r-oldrel-windows-ix86+x86_64 3.4.1 78.00 129.00 207.00 OK
r-oldrel-osx-x86_64 3.4.1 OK

Check Details

Version: 3.4.1
Check: tests
Result: ERROR
     Running ‘testthat.R’ [18s/39s]
    Running the tests in ‘tests/testthat.R’ failed.
    Complete output:
     > library(testthat)
     > library(processx)
     >
     > Sys.setenv("R_TESTS" = "")
     >
     > test_check("processx", reporter = "summary")
     assertions: ........................................................................................................................................................................
     character IO: ...........
     Cleanup: ..
     client-lib: ............................................................
     Connections: ........
     environment: ..
     errors.R: ...........................................S.................SS...SS
     errors: ........
     extra connections: SSS
     io: ..................S..........
     kill_tree: SSSSSS.S
     polling connections: .........
     poll-curl: SSS
     poll stress test: S
     poll: ................
     poll multiple processes: ......................................................................................................
     poll connection: .........
     print: ..
     process: ..........
     ps methods: .....1........
     pty: SSSS
     run: ......................................................................S.
     set std streams: ............................
     SIGCHLD handler interference: SSSSSS
     stdin: SSSSSS
     stress test: SSS
     utils: SS..........................................
     waiting on processes: S.......
    
     ══ Skipped ═════════════════════════════════════════════════════════════════════
     1. un-caught condition has trace (@test-err.R#69) - Reason: On CRAN
    
     2. trace when rethrowing (@test-err.R#150) - Reason: On CRAN
    
     3. rethrowing non rlib errors (@test-err.R#189) - Reason: On CRAN
    
     4. error trace from subprocess (@test-err.R#238) - Reason: On CRAN
    
     5. error trace from throw() in subprocess (@test-err.R#274) - Reason: On CRAN
    
     6. writing to extra connection (@test-extra-connections.R#6) - Reason: On CRAN
    
     7. reading from extra connection (@test-extra-connections.R#30) - Reason: On CRAN
    
     8. reading and writing to extra connection (@test-extra-connections.R#59) - Reason: On CRAN
    
     9. readChar on IO, windows (@test-io.R#135) - Reason: only run it on windows
    
     10. tree ids are inherited (@test-kill-tree.R#5) - Reason: On CRAN
    
     11. tree ids are inherited if env is specified (@test-kill-tree.R#35) - Reason: On CRAN
    
     12. kill_tree (@test-kill-tree.R#67) - Reason: On CRAN
    
     13. kill_tree with children (@test-kill-tree.R#85) - Reason: On CRAN
    
     14. kill_tree and orphaned children (@test-kill-tree.R#114) - Reason: On CRAN
    
     15. cleanup_tree option (@test-kill-tree.R#150) - Reason: On CRAN
    
     16. cleanup_tree stress test (@test-kill-tree.R#231) - Reason: On CRAN
    
     17. curl fds (@test-poll-curl.R#8) - Reason: On CRAN
    
     18. curl fds before others (@test-poll-curl.R#57) - Reason: On CRAN
    
     19. process fd before curl fd (@test-poll-curl.R#88) - Reason: On CRAN
    
     20. many processes (@test-poll-stress.R#5) - Reason: On CRAN
    
     21. fails in windows (@test-pty.R#5) - Reason: only run it on windows
    
     22. pty works (@test-pty.R#13) - Reason: On CRAN
    
     23. pty echo (@test-pty.R#33) - Reason: On CRAN
    
     24. read_output_lines() fails for pty (@test-pty.R#59) - Reason: On CRAN
    
     25. condition on interrupt (@test-run.R#101) - Reason: On CRAN
    
     26. is_alive() (@test-sigchld.R#6) - Reason: no extra tests
    
     27. finalizer (@test-sigchld.R#24) - Reason: no extra tests
    
     28. get_exit_status (@test-sigchld.R#41) - Reason: no extra tests
    
     29. signal (@test-sigchld.R#58) - Reason: no extra tests
    
     30. kill (@test-sigchld.R#76) - Reason: no extra tests
    
     31. SIGCHLD handler (@test-sigchld.R#94) - Reason: no extra tests
    
     32. stdin (@test-stdin.R#6) - Reason: On CRAN
    
     33. stdin & stdout (@test-stdin.R#28) - Reason: On CRAN
    
     34. stdin buffer full (@test-stdin.R#50) - Reason: On CRAN
    
     35. file as stdin (@test-stdin.R#66) - Reason: On CRAN
    
     36. large file as stdin (@test-stdin.R#85) - Reason: On CRAN
    
     37. writing raw (@test-stdin.R#103) - Reason: On CRAN
    
     38. can start 100 processes quickly (@test-stress.R#5) - Reason: On CRAN
    
     39. run() a lot of times, with small timeouts (@test-stress.R#12) - Reason: On CRAN
    
     40. run() and kill while polling (@test-stress.R#27) - Reason: On CRAN
    
     41. full_path gives correct values (@test-utils.R#5) - Reason: On CRAN
    
     42. full_path gives correct values, windows (@test-utils.R#41) - Reason: only run it on windows
    
     43. no deadlock when no stdout + wait (@test-wait.R#6) - Reason: failure would freeze
    
     ══ Failed ══════════════════════════════════════════════════════════════════════
     ── 1. Failure: ps methods (@test-ps-methods.R#18) ─────────────────────────────
     p$get_status() not equal to ps::ps_status(ps).
     1/1 mismatches
     x[1]: "running"
     y[1]: "sleeping"
    
     ══ DONE ════════════════════════════════════════════════════════════════════════
     Error: Test failures
     Execution halted
Flavor: r-patched-linux-x86_64

Version: 3.4.1
Check: for unstated dependencies in ‘tests’
Result: WARN
    Warning in deparse(e[[2L]]) :
     it is not known that wchar_t is Unicode on this platform
    Warning in deparse(e[[2L]]) :
     it is not known that wchar_t is Unicode on this platform
    Warning in deparse(e[[2L]]) :
     it is not known that wchar_t is Unicode on this platform
    Warning in deparse(e[[2L]]) :
     it is not known that wchar_t is Unicode on this platform
Flavor: r-patched-solaris-x86