CRAN Package Check Results for Package procmaps

Last updated on 2021-05-08 04:47:22 CEST.

Flavor Version Tinstall Tcheck Ttotal Status Flags
r-devel-linux-x86_64-debian-clang 0.0.3 2.92 24.16 27.08 NOTE
r-devel-linux-x86_64-debian-gcc 0.0.3 1.99 19.27 21.26 NOTE
r-devel-linux-x86_64-fedora-clang 0.0.3 43.63 NOTE
r-devel-linux-x86_64-fedora-gcc 0.0.3 32.86 NOTE
r-devel-windows-ix86+x86_64 0.0.3 11.00 48.00 59.00 NOTE
r-devel-windows-x86_64-gcc10-UCRT 0.0.3 NOTE
r-patched-linux-x86_64 0.0.3 2.58 23.85 26.43 NOTE
r-patched-solaris-x86 0.0.3 102.80 OK
r-release-linux-x86_64 0.0.3 2.45 23.88 26.33 OK
r-release-macos-x86_64 0.0.3 OK
r-release-windows-ix86+x86_64 0.0.3 12.00 39.00 51.00 OK
r-oldrel-macos-x86_64 0.0.3 OK
r-oldrel-windows-ix86+x86_64 0.0.3 11.00 48.00 59.00 OK

Additional issues

M1mac

Check Details

Version: 0.0.3
Check: LazyData
Result: NOTE
     'LazyData' is specified without a 'data' directory
Flavors: r-devel-linux-x86_64-debian-clang, r-devel-linux-x86_64-debian-gcc, r-devel-linux-x86_64-fedora-clang, r-devel-linux-x86_64-fedora-gcc, r-devel-windows-ix86+x86_64, r-devel-windows-x86_64-gcc10-UCRT, r-patched-linux-x86_64