CRAN Package Check Results for Package prodigenr

Last updated on 2019-04-25 14:52:55 CEST.

Flavor Version Tinstall Tcheck Ttotal Status Flags
r-devel-linux-x86_64-debian-clang 0.4.0 2.61 28.15 30.76 OK
r-devel-linux-x86_64-debian-gcc 0.4.0 2.22 23.09 25.31 OK
r-devel-linux-x86_64-fedora-clang 0.4.0 37.51 NOTE
r-devel-linux-x86_64-fedora-gcc 0.4.0 35.84 NOTE
r-devel-windows-ix86+x86_64 0.4.0 14.00 63.00 77.00 OK
r-patched-linux-x86_64 0.4.0 2.67 28.48 31.15 OK
r-patched-solaris-x86 0.4.0 56.40 NOTE
r-release-linux-x86_64 0.4.0 1.94 27.79 29.73 OK
r-release-windows-ix86+x86_64 0.4.0 4.00 61.00 65.00 OK
r-release-osx-x86_64 0.4.0 NOTE
r-oldrel-windows-ix86+x86_64 0.4.0 4.00 40.00 44.00 OK
r-oldrel-osx-x86_64 0.4.0 NOTE

Check Details

Version: 0.4.0
Check: dependencies in R code
Result: NOTE
    Namespaces in Imports field not imported from:
     ‘clipr’ ‘desc’ ‘devtools’
     All declared Imports should be used.
Flavors: r-devel-linux-x86_64-fedora-clang, r-devel-linux-x86_64-fedora-gcc, r-patched-solaris-x86, r-release-osx-x86_64, r-oldrel-osx-x86_64