Last updated on 2021-02-26 07:49:49 CET.
Flavor | Version | Tinstall | Tcheck | Ttotal | Status | Flags |
---|---|---|---|---|---|---|
r-devel-linux-x86_64-debian-clang | 2019.11.13 | 16.96 | 98.90 | 115.86 | OK | |
r-devel-linux-x86_64-debian-gcc | 2019.11.13 | 14.12 | 75.28 | 89.40 | OK | |
r-devel-linux-x86_64-fedora-clang | 2019.11.13 | 146.97 | OK | |||
r-devel-linux-x86_64-fedora-gcc | 2019.11.13 | 135.50 | OK | |||
r-devel-windows-ix86+x86_64 | 2019.11.13 | 34.00 | 118.00 | 152.00 | OK | |
r-patched-linux-x86_64 | 2019.11.13 | 14.00 | 91.22 | 105.22 | OK | |
r-patched-solaris-x86 | 2019.11.13 | 179.10 | OK | |||
r-release-linux-x86_64 | 2019.11.13 | 14.50 | 91.46 | 105.96 | OK | |
r-release-macos-x86_64 | 2019.11.13 | OK | ||||
r-release-windows-ix86+x86_64 | 2019.11.13 | 62.00 | 15.00 | 77.00 | ERROR | |
r-oldrel-macos-x86_64 | 2019.11.13 | OK | ||||
r-oldrel-windows-ix86+x86_64 | 2019.11.13 | 30.00 | 147.00 | 177.00 | OK |
Version: 2019.11.13
Check: whether package can be installed
Result: ERROR
Installation failed.
See 'd:/Rcompile/CRANpkg/local/4.0/prodlim.Rcheck/00install.out'* DONE
Flavor: r-release-windows-ix86+x86_64