CRAN Package Check Results for Package profExtrema

Last updated on 2024-02-28 01:54:21 CET.

Flavor Version Tinstall Tcheck Ttotal Status Flags
r-devel-linux-x86_64-debian-clang 0.2.1 16.05 130.34 146.39 NOTE
r-devel-linux-x86_64-debian-gcc 0.2.1 13.90 96.10 110.00 NOTE
r-devel-linux-x86_64-fedora-clang 0.2.1 174.93 NOTE
r-devel-linux-x86_64-fedora-gcc 0.2.1 172.92 NOTE
r-devel-windows-x86_64 0.2.1 15.00 107.00 122.00 OK
r-patched-linux-x86_64 0.2.1 17.53 127.22 144.75 OK
r-release-linux-x86_64 0.2.1 18.45 125.65 144.10 OK
r-release-macos-arm64 0.2.1 52.00 OK
r-release-macos-x86_64 0.2.1 86.00 OK
r-release-windows-x86_64 0.2.1 18.00 127.00 145.00 OK
r-oldrel-macos-arm64 0.2.1 62.00 OK
r-oldrel-windows-x86_64 0.2.1 18.00 127.00 145.00 OK

Check Details

Version: 0.2.1
Check: Rd files
Result: NOTE checkRd: (-1) approxMaxMin.Rd:18: Lost braces in \itemize; meant \describe ? checkRd: (-1) approxMaxMin.Rd:19-23: Lost braces in \itemize; meant \describe ? checkRd: (-1) approxMaxMin.Rd:24: Lost braces in \itemize; meant \describe ? checkRd: (-1) approxMaxMin.Rd:25: Lost braces in \itemize; meant \describe ? checkRd: (-1) approxMaxMin.Rd:26: Lost braces in \itemize; meant \describe ? checkRd: (-1) approxMaxMin.Rd:27: Lost braces in \itemize; meant \describe ? checkRd: (-1) approxMaxMin.Rd:28: Lost braces in \itemize; meant \describe ? checkRd: (-1) approxMaxMin.Rd:29: Lost braces in \itemize; meant \describe ? checkRd: (-1) approxMaxMin.Rd:30: Lost braces in \itemize; meant \describe ? checkRd: (-1) approxMaxMin.Rd:31: Lost braces in \itemize; meant \describe ? checkRd: (-1) approxProfileExtrema.Rd:20: Lost braces in \itemize; meant \describe ? checkRd: (-1) approxProfileExtrema.Rd:21-25: Lost braces in \itemize; meant \describe ? checkRd: (-1) approxProfileExtrema.Rd:26: Lost braces in \itemize; meant \describe ? checkRd: (-1) approxProfileExtrema.Rd:27: Lost braces in \itemize; meant \describe ? checkRd: (-1) approxProfileExtrema.Rd:28: Lost braces in \itemize; meant \describe ? checkRd: (-1) approxProfileExtrema.Rd:29: Lost braces in \itemize; meant \describe ? checkRd: (-1) approxProfileExtrema.Rd:30: Lost braces in \itemize; meant \describe ? checkRd: (-1) approxProfileExtrema.Rd:31: Lost braces in \itemize; meant \describe ? checkRd: (-1) approxProfileExtrema.Rd:32: Lost braces in \itemize; meant \describe ? checkRd: (-1) bound_profiles.Rd:28: Lost braces in \itemize; \value handles \item{}{} directly checkRd: (-1) bound_profiles.Rd:29: Lost braces in \itemize; \value handles \item{}{} directly checkRd: (-1) cleanProfileResults.Rd:16: Lost braces in \itemize; \value handles \item{}{} directly checkRd: (-1) cleanProfileResults.Rd:17: Lost braces in \itemize; \value handles \item{}{} directly checkRd: (-1) cleanProfileResults.Rd:18: Lost braces in \itemize; \value handles \item{}{} directly checkRd: (-1) cleanProfileResults.Rd:19: Lost braces in \itemize; \value handles \item{}{} directly checkRd: (-1) coordProf_UQ.Rd:48: Lost braces in \itemize; \value handles \item{}{} directly checkRd: (-1) coordProf_UQ.Rd:49: Lost braces in \itemize; \value handles \item{}{} directly checkRd: (-1) coordProf_UQ.Rd:50: Lost braces in \itemize; \value handles \item{}{} directly checkRd: (-1) coordProf_UQ.Rd:52-56: Lost braces in \itemize; \value handles \item{}{} directly checkRd: (-1) coordProf_UQ.Rd:54: Lost braces in \itemize; \value handles \item{}{} directly checkRd: (-1) coordProf_UQ.Rd:55: Lost braces in \itemize; \value handles \item{}{} directly checkRd: (-1) coordProf_UQ.Rd:57: Lost braces in \itemize; \value handles \item{}{} directly checkRd: (-1) coordProf_UQ.Rd:58: Lost braces in \itemize; \value handles \item{}{} directly checkRd: (-1) coordinateProfiles.Rd:35: Lost braces in \itemize; \value handles \item{}{} directly checkRd: (-1) coordinateProfiles.Rd:36: Lost braces in \itemize; \value handles \item{}{} directly checkRd: (-1) coordinateProfiles.Rd:37: Lost braces in \itemize; \value handles \item{}{} directly checkRd: (-1) coordinateProfiles.Rd:41: Lost braces in \itemize; \value handles \item{}{} directly checkRd: (-1) coordinateProfiles.Rd:42-46: Lost braces in \itemize; \value handles \item{}{} directly checkRd: (-1) coordinateProfiles.Rd:44: Lost braces in \itemize; \value handles \item{}{} directly checkRd: (-1) coordinateProfiles.Rd:45: Lost braces in \itemize; \value handles \item{}{} directly checkRd: (-1) getAllMaxMin.Rd:19: Lost braces in \itemize; meant \describe ? checkRd: (-1) getAllMaxMin.Rd:20: Lost braces in \itemize; meant \describe ? checkRd: (-1) getAllMaxMin.Rd:21: Lost braces in \itemize; meant \describe ? checkRd: (-1) getAllMaxMin.Rd:22: Lost braces in \itemize; meant \describe ? checkRd: (-1) getAllMaxMin.Rd:23: Lost braces in \itemize; meant \describe ? checkRd: (-1) getMax.Rd:22: Lost braces in \itemize; meant \describe ? checkRd: (-1) getMax.Rd:23: Lost braces in \itemize; meant \describe ? checkRd: (-1) getMax.Rd:24: Lost braces in \itemize; meant \describe ? checkRd: (-1) getMax.Rd:25: Lost braces in \itemize; meant \describe ? checkRd: (-1) getMaxMinMC.Rd:22: Lost braces in \itemize; meant \describe ? checkRd: (-1) getMaxMinMC.Rd:23: Lost braces in \itemize; meant \describe ? checkRd: (-1) getMaxMinMC.Rd:24: Lost braces in \itemize; meant \describe ? checkRd: (-1) getMaxMinMC.Rd:25: Lost braces in \itemize; meant \describe ? checkRd: (-1) getMaxMinMC.Rd:26: Lost braces in \itemize; meant \describe ? checkRd: (-1) getMin.Rd:22: Lost braces in \itemize; meant \describe ? checkRd: (-1) getMin.Rd:23: Lost braces in \itemize; meant \describe ? checkRd: (-1) getMin.Rd:24: Lost braces in \itemize; meant \describe ? checkRd: (-1) getMin.Rd:25: Lost braces in \itemize; meant \describe ? checkRd: (-1) getProfileExtrema.Rd:20: Lost braces in \itemize; meant \describe ? checkRd: (-1) getProfileExtrema.Rd:21: Lost braces in \itemize; meant \describe ? checkRd: (-1) getProfileExtrema.Rd:22: Lost braces in \itemize; meant \describe ? checkRd: (-1) getProfileExtrema.Rd:23: Lost braces in \itemize; meant \describe ? checkRd: (-1) getProfileExtrema.Rd:24: Lost braces in \itemize; meant \describe ? checkRd: (-1) getProfileInf_optim.Rd:22: Lost braces in \itemize; meant \describe ? checkRd: (-1) getProfileInf_optim.Rd:23: Lost braces in \itemize; meant \describe ? checkRd: (-1) getProfileInf_optim.Rd:24: Lost braces in \itemize; meant \describe ? checkRd: (-1) getProfileSup_optim.Rd:22: Lost braces in \itemize; meant \describe ? checkRd: (-1) getProfileSup_optim.Rd:23: Lost braces in \itemize; meant \describe ? checkRd: (-1) getProfileSup_optim.Rd:24: Lost braces in \itemize; meant \describe ? checkRd: (-1) gradKm_dnewdata.Rd:25: Lost braces in \itemize; \value handles \item{}{} directly checkRd: (-1) gradKm_dnewdata.Rd:26: Lost braces in \itemize; \value handles \item{}{} directly checkRd: (-1) gradKm_dnewdata.Rd:27: Lost braces in \itemize; \value handles \item{}{} directly checkRd: (-1) obliqueProf_UQ.Rd:50: Lost braces in \itemize; \value handles \item{}{} directly checkRd: (-1) obliqueProf_UQ.Rd:51: Lost braces in \itemize; \value handles \item{}{} directly checkRd: (-1) obliqueProf_UQ.Rd:52: Lost braces in \itemize; \value handles \item{}{} directly checkRd: (-1) obliqueProf_UQ.Rd:54-58: Lost braces in \itemize; \value handles \item{}{} directly checkRd: (-1) obliqueProf_UQ.Rd:56: Lost braces in \itemize; \value handles \item{}{} directly checkRd: (-1) obliqueProf_UQ.Rd:57: Lost braces in \itemize; \value handles \item{}{} directly checkRd: (-1) obliqueProf_UQ.Rd:59: Lost braces in \itemize; \value handles \item{}{} directly checkRd: (-1) obliqueProf_UQ.Rd:60: Lost braces in \itemize; \value handles \item{}{} directly checkRd: (-1) obliqueProfiles.Rd:37: Lost braces in \itemize; \value handles \item{}{} directly checkRd: (-1) obliqueProfiles.Rd:38: Lost braces in \itemize; \value handles \item{}{} directly checkRd: (-1) obliqueProfiles.Rd:39: Lost braces in \itemize; \value handles \item{}{} directly checkRd: (-1) obliqueProfiles.Rd:43: Lost braces in \itemize; \value handles \item{}{} directly checkRd: (-1) obliqueProfiles.Rd:44-48: Lost braces in \itemize; \value handles \item{}{} directly checkRd: (-1) obliqueProfiles.Rd:46: Lost braces in \itemize; \value handles \item{}{} directly checkRd: (-1) obliqueProfiles.Rd:47: Lost braces in \itemize; \value handles \item{}{} directly checkRd: (-1) plot_univariate_profiles_UQ.Rd:27: Lost braces in \itemize; meant \describe ? checkRd: (-1) plot_univariate_profiles_UQ.Rd:28: Lost braces in \itemize; meant \describe ? checkRd: (-1) plot_univariate_profiles_UQ.Rd:29: Lost braces in \itemize; meant \describe ? checkRd: (-1) setPlotOptions.Rd:20: Lost braces in \itemize; \value handles \item{}{} directly checkRd: (-1) setPlotOptions.Rd:21: Lost braces in \itemize; \value handles \item{}{} directly checkRd: (-1) setPlotOptions.Rd:22: Lost braces in \itemize; \value handles \item{}{} directly checkRd: (-1) setPlotOptions.Rd:23: Lost braces in \itemize; \value handles \item{}{} directly checkRd: (-1) setPlotOptions.Rd:24: Lost braces in \itemize; \value handles \item{}{} directly checkRd: (-1) setPlotOptions.Rd:25: Lost braces in \itemize; \value handles \item{}{} directly checkRd: (-1) setPlotOptions.Rd:26: Lost braces in \itemize; \value handles \item{}{} directly checkRd: (-1) setPlotOptions.Rd:27: Lost braces in \itemize; \value handles \item{}{} directly checkRd: (-1) setPlotOptions.Rd:28: Lost braces in \itemize; \value handles \item{}{} directly checkRd: (-1) setPlotOptions.Rd:29: Lost braces in \itemize; \value handles \item{}{} directly checkRd: (-1) setPlotOptions.Rd:30: Lost braces in \itemize; \value handles \item{}{} directly checkRd: (-1) setPlotOptions.Rd:31: Lost braces in \itemize; \value handles \item{}{} directly checkRd: (-1) setPlotOptions.Rd:32: Lost braces in \itemize; \value handles \item{}{} directly checkRd: (-1) setPlotOptions.Rd:33: Lost braces in \itemize; \value handles \item{}{} directly checkRd: (-1) setPlotOptions.Rd:34-38: Lost braces 34 | \item{\code{fun_evals:}{integer denoting the level of plot for the true evaluations. \itemize{ | ^ checkRd: (-1) setPlotOptions.Rd:35: Lost braces in \itemize; \value handles \item{}{} directly checkRd: (-1) setPlotOptions.Rd:36: Lost braces in \itemize; \value handles \item{}{} directly checkRd: (-1) setPlotOptions.Rd:37: Lost braces in \itemize; \value handles \item{}{} directly checkRd: (-1) setPlotOptions.Rd:38: Lost braces in \itemize; \value handles \item{}{} directly Flavors: r-devel-linux-x86_64-debian-clang, r-devel-linux-x86_64-debian-gcc, r-devel-linux-x86_64-fedora-clang, r-devel-linux-x86_64-fedora-gcc