CRAN Package Check Results for Package profr

Last updated on 2018-02-22 20:46:45 CET.

Flavor Version Tinstall Tcheck Ttotal Status Flags
r-devel-linux-x86_64-debian-clang 0.3.1 1.26 20.58 21.84 NOTE
r-devel-linux-x86_64-debian-gcc 0.3.1 0.87 18.61 19.48 NOTE
r-devel-linux-x86_64-fedora-clang 0.3.1 30.70 NOTE
r-devel-linux-x86_64-fedora-gcc 0.3.1 28.22 NOTE
r-devel-windows-ix86+x86_64 0.3.1 4.00 39.00 43.00 NOTE
r-patched-linux-x86_64 0.3.1 1.08 24.65 25.73 NOTE
r-patched-solaris-x86 0.3.1 44.10 NOTE
r-release-linux-x86_64 0.3.1 1.08 24.45 25.53 NOTE
r-release-windows-ix86+x86_64 0.3.1 6.00 49.00 55.00 NOTE
r-release-osx-x86_64 0.3.1 NOTE
r-oldrel-windows-ix86+x86_64 0.3.1 3.00 35.00 38.00 NOTE
r-oldrel-osx-x86_64 0.3.1 NOTE

Check Details

Version: 0.3.1
Check: dependencies in R code
Result: NOTE
    'library' or 'require' call to ‘ggplot2’ in package code.
     Please use :: or requireNamespace() instead.
     See section 'Suggested packages' in the 'Writing R Extensions' manual.
Flavors: r-devel-linux-x86_64-debian-clang, r-devel-linux-x86_64-debian-gcc, r-devel-linux-x86_64-fedora-clang, r-devel-linux-x86_64-fedora-gcc, r-devel-windows-ix86+x86_64, r-patched-linux-x86_64, r-patched-solaris-x86, r-release-linux-x86_64, r-release-windows-ix86+x86_64, r-release-osx-x86_64, r-oldrel-windows-ix86+x86_64, r-oldrel-osx-x86_64

Version: 0.3.1
Check: R code for possible problems
Result: NOTE
    .simplify : <anonymous>: no visible binding for global variable ‘hist’
    .simplify : <anonymous>: no visible binding for global variable ‘start’
    .simplify: no visible binding for global variable ‘start’
    .simplify: no visible binding for global variable ‘end’
    ggplot.profr: no visible global function definition for ‘ggplot’
    ggplot.profr: no visible global function definition for ‘geom_rect’
    ggplot.profr: no visible global function definition for ‘aes’
    ggplot.profr: no visible binding for global variable ‘start’
    ggplot.profr: no visible binding for global variable ‘end’
    ggplot.profr: no visible global function definition for ‘geom_text’
    ggplot.profr: no visible binding for global variable ‘time’
    ggplot.profr: no visible global function definition for
     ‘scale_y_continuous’
    ggplot.profr: no visible global function definition for
     ‘scale_x_continuous’
    plot.profr: no visible global function definition for ‘plot’
    plot.profr: no visible global function definition for ‘rect’
    plot.profr: no visible binding for global variable ‘time’
    plot.profr: no visible global function definition for ‘text’
    profr: no visible global function definition for ‘Rprof’
    Undefined global functions or variables:
     Rprof aes end geom_rect geom_text ggplot hist plot rect
     scale_x_continuous scale_y_continuous start text time
    Consider adding
     importFrom("graphics", "hist", "plot", "rect", "text")
     importFrom("stats", "end", "start", "time")
     importFrom("utils", "Rprof")
    to your NAMESPACE file.
Flavors: r-devel-linux-x86_64-debian-clang, r-devel-linux-x86_64-debian-gcc, r-devel-linux-x86_64-fedora-clang, r-devel-linux-x86_64-fedora-gcc, r-devel-windows-ix86+x86_64, r-patched-linux-x86_64, r-patched-solaris-x86, r-release-linux-x86_64, r-release-windows-ix86+x86_64, r-release-osx-x86_64, r-oldrel-windows-ix86+x86_64, r-oldrel-osx-x86_64