CRAN Package Check Results for Package progress

Last updated on 2021-05-14 01:48:47 CEST.

Flavor Version Tinstall Tcheck Ttotal Status Flags
r-devel-linux-x86_64-debian-clang 1.2.2 3.32 30.61 33.93 NOTE
r-devel-linux-x86_64-debian-gcc 1.2.2 2.91 24.29 27.20 NOTE
r-devel-linux-x86_64-fedora-clang 1.2.2 51.76 NOTE
r-devel-linux-x86_64-fedora-gcc 1.2.2 39.87 NOTE
r-devel-windows-ix86+x86_64 1.2.2 7.00 36.00 43.00 NOTE
r-devel-windows-x86_64-gcc10-UCRT 1.2.2 NOTE
r-patched-linux-x86_64 1.2.2 3.18 30.24 33.42 NOTE
r-patched-solaris-x86 1.2.2 61.30 NOTE
r-release-linux-x86_64 1.2.2 3.97 30.20 34.17 OK
r-release-macos-x86_64 1.2.2 OK
r-release-windows-ix86+x86_64 1.2.2 6.00 52.00 58.00 OK
r-oldrel-macos-x86_64 1.2.2 OK
r-oldrel-windows-ix86+x86_64 1.2.2 6.00 46.00 52.00 OK

Check Details

Version: 1.2.2
Check: LazyData
Result: NOTE
     'LazyData' is specified without a 'data' directory
Flavors: r-devel-linux-x86_64-debian-clang, r-devel-linux-x86_64-debian-gcc, r-devel-linux-x86_64-fedora-clang, r-devel-linux-x86_64-fedora-gcc, r-devel-windows-ix86+x86_64, r-devel-windows-x86_64-gcc10-UCRT, r-patched-linux-x86_64, r-patched-solaris-x86