CRAN Package Check Results for Package projects

Last updated on 2021-03-09 05:47:15 CET.

Flavor Version Tinstall Tcheck Ttotal Status Flags
r-devel-linux-x86_64-debian-clang 2.1.1 5.75 54.10 59.85 OK
r-devel-linux-x86_64-debian-gcc 2.1.1 4.85 40.76 45.61 OK
r-devel-linux-x86_64-fedora-clang 2.1.1 79.67 NOTE
r-devel-linux-x86_64-fedora-gcc 2.1.1 69.85 NOTE
r-devel-windows-ix86+x86_64 2.1.1 12.00 71.00 83.00 OK
r-devel-windows-x86_64-gcc10-UCRT 2.1.1 NOTE
r-patched-linux-x86_64 2.1.1 5.01 51.34 56.35 OK
r-patched-solaris-x86 2.1.1 91.50 NOTE
r-release-linux-x86_64 2.1.1 5.63 51.75 57.38 OK
r-release-macos-x86_64 2.1.1 NOTE
r-release-windows-ix86+x86_64 2.1.1 8.00 77.00 85.00 OK
r-oldrel-macos-x86_64 2.1.1 NOTE
r-oldrel-windows-ix86+x86_64 2.1.1 7.00 54.00 61.00 OK

Check Details

Version: 2.1.1
Check: dependencies in R code
Result: NOTE
    Namespace in Imports field not imported from: ‘methods’
     All declared Imports should be used.
Flavors: r-devel-linux-x86_64-fedora-clang, r-devel-linux-x86_64-fedora-gcc, r-devel-windows-x86_64-gcc10-UCRT, r-patched-solaris-x86, r-release-macos-x86_64, r-oldrel-macos-x86_64