CRAN Package Check Results for Package projmanr

Last updated on 2018-02-20 03:49:56 CET.

Flavor Version Tinstall Tcheck Ttotal Status Flags
r-devel-linux-x86_64-debian-clang 0.1.0 1.41 19.83 21.24 OK
r-devel-linux-x86_64-debian-gcc 0.1.0 1.10 17.60 18.70 OK
r-devel-linux-x86_64-fedora-clang 0.1.0 28.08 NOTE
r-devel-linux-x86_64-fedora-gcc 0.1.0 27.35 NOTE
r-devel-windows-ix86+x86_64 0.1.0 3.00 36.00 39.00 OK
r-patched-linux-x86_64 0.1.0 0.75 28.32 29.07 OK
r-patched-solaris-x86 0.1.0 44.80 NOTE
r-release-linux-x86_64 0.1.0 0.87 27.77 28.64 OK
r-release-windows-ix86+x86_64 0.1.0 5.00 61.00 66.00 OK
r-release-osx-x86_64 0.1.0 NOTE
r-oldrel-windows-ix86+x86_64 0.1.0 4.00 41.00 45.00 OK
r-oldrel-osx-x86_64 0.1.0 NOTE

Check Details

Version: 0.1.0
Check: dependencies in R code
Result: NOTE
    Namespace in Imports field not imported from: ‘R6’
     All declared Imports should be used.
Flavors: r-devel-linux-x86_64-fedora-clang, r-devel-linux-x86_64-fedora-gcc, r-patched-solaris-x86, r-release-osx-x86_64, r-oldrel-osx-x86_64