CRAN Package Check Results for Package projmanr

Last updated on 2018-05-23 13:48:50 CEST.

Flavor Version Tinstall Tcheck Ttotal Status Flags
r-devel-linux-x86_64-debian-clang 0.1.1 1.94 23.84 25.78 OK
r-devel-linux-x86_64-debian-gcc 0.1.1 0.30 1.32 1.62 ERROR
r-devel-linux-x86_64-fedora-clang 0.1.1 31.08 OK
r-devel-linux-x86_64-fedora-gcc 0.1.1 29.41 OK
r-devel-windows-ix86+x86_64 0.1.1 3.00 50.00 53.00 OK
r-patched-linux-x86_64 0.1.1 1.20 22.78 23.98 OK
r-patched-solaris-x86 0.1.1 50.40 OK
r-release-linux-x86_64 0.1.1 1.91 22.63 24.54 OK
r-release-windows-ix86+x86_64 0.1.1 8.00 47.00 55.00 OK
r-release-osx-x86_64 0.1.1 OK
r-oldrel-windows-ix86+x86_64 0.1.1 5.00 53.00 58.00 OK
r-oldrel-osx-x86_64 0.1.1 OK

Check Details

Version: 0.1.1
Check: package dependencies
Result: ERROR
    Packages required but not available: ‘ggplot2’ ‘tidyr’
    
    See section ‘The DESCRIPTION file’ in the ‘Writing R Extensions’
    manual.
Flavor: r-devel-linux-x86_64-debian-gcc